{"id":10949,"date":"2025-01-30T14:36:30","date_gmt":"2025-01-30T19:36:30","guid":{"rendered":"https:\/\/www.key-fortress.com\/?page_id=10949"},"modified":"2025-08-03T20:12:43","modified_gmt":"2025-08-04T01:12:43","slug":"insights","status":"publish","type":"page","link":"https:\/\/www.keyfortress.com\/latam\/insights","title":{"rendered":"KeyFortress Insights, \u00fanase a la comunidad de expertos y especialistas en ciberseguridad con podcasts, videos, art\u00edculos y boletines"},"content":{"rendered":"<div class=\"wpb-content-wrapper\"><p>[vc_row full_width=\u00bbstretch_row\u00bb css=\u00bb.vc_custom_1740609567331{margin-top: 70px !important;padding-top: 20px !important;background-position: 0 0 !important;background-repeat: no-repeat !important;border-color: rgba(129,129,129,0.2) !important;}\u00bb woodmart_css_id=\u00bb67bf9819831d9&#8243; responsive_spacing=\u00bbeyJwYXJhbV90eXBlIjoid29vZG1hcnRfcmVzcG9uc2l2ZV9zcGFjaW5nIiwic2VsZWN0b3JfaWQiOiI2N2JmOTgxOTgzMWQ5Iiwic2hvcnRjb2RlIjoidmNfcm93IiwiZGF0YSI6eyJ0YWJsZXQiOnt9LCJtb2JpbGUiOnt9fX0=\u00bb mobile_bg_img_hidden=\u00bbno\u00bb tablet_bg_img_hidden=\u00bbno\u00bb woodmart_parallax=\u00bb0&#8243; woodmart_gradient_switch=\u00bbno\u00bb woodmart_box_shadow=\u00bbno\u00bb wd_z_index=\u00bbno\u00bb woodmart_disable_overflow=\u00bb0&#8243; row_reverse_mobile=\u00bb0&#8243; row_reverse_tablet=\u00bb0&#8243;][vc_column width=\u00bb1\/2&#8243; css=\u00bb.vc_custom_1627461760213{border-right-width: 1px !important;padding-top: 30px !important;padding-right: 30px !important;padding-bottom: 20px !important;padding-left: 30px !important;border-right-color: rgba(129,129,129,0.2) !important;border-right-style: solid !important;}\u00bb woodmart_css_id=\u00bb6101186e3edf6&#8243; responsive_spacing=\u00bbeyJwYXJhbV90eXBlIjoid29vZG1hcnRfcmVzcG9uc2l2ZV9zcGFjaW5nIiwic2VsZWN0b3JfaWQiOiI2MTAxMTg2ZTNlZGY2Iiwic2hvcnRjb2RlIjoidmNfY29sdW1uIiwiZGF0YSI6eyJ0YWJsZXQiOnt9LCJtb2JpbGUiOnsiYm9yZGVyLXdpZHRoLXJpZ2h0IjoiMCJ9fX0=\u00bb parallax_scroll=\u00bbno\u00bb mobile_bg_img_hidden=\u00bbno\u00bb tablet_bg_img_hidden=\u00bbno\u00bb woodmart_parallax=\u00bb0&#8243; woodmart_sticky_column=\u00bbfalse\u00bb mobile_reset_margin=\u00bbno\u00bb tablet_reset_margin=\u00bbno\u00bb]\n\t\t<div id=\"wd-67c5fc043e60f\" class=\"title-wrapper wd-wpb wd-set-mb reset-last-child  wd-rs-67c5fc043e60f wd-title-color-default wd-title-style-default text-center  wd-underline-colored\">\n\t\t\t\n\t\t\t<div class=\"liner-continer\">\n\t\t\t\t<h4 class=\"woodmart-title-container title  wd-font-weight- wd-fontsize-l\" >KeyFortress Insights<\/h4>\n\t\t\t\t\t\t\t<\/div>\n\t\t\t\n\t\t\t\t\t\t\t<div class=\"title-after_title reset-last-child  wd-fontsize-xs\">Participe, aprenda e implemente las mejores pr\u00e1cticas de la manos de nuestros especialistas con nuestros podcast y videos.<\/div>\n\t\t\t\n\t\t\t\n\t\t<\/div>\n\t\t\n\t\t\t\t<div id=\"gallery_326\" class=\"wd-images-gallery wd-wpb wd-rs-678bc3c6767ff wd-carousel-container wd-wpb\" style=\"--wd-justify-content:center;--wd-align-items:center;\">\n\t\t\t\t\t\t\t<div class=\"wd-carousel-inner\">\n\t\t\t\n\t\t\t<div class=\" wd-carousel wd-grid\"data-speed=\"5000\" data-wrap=\"yes\" data-autoplay=\"yes\" data-autoheight=\"yes\" data-scroll_per_page=\"yes\" style=\"--wd-col-lg:1;--wd-col-md:1;--wd-col-sm:1;--wd-gap-lg:0px;\">\n\t\t\t\t\t\t\t\t\t<div class=\"wd-carousel-wrap\">\n\t\t\t\t\n\t\t\t\t\t\t\t\t\t\t\t\t\t\t\t<div class=\"wd-gallery-item wd-carousel-item\">\n\t\t\t\t\t\t\t\n\t\t\t\t\t\t\t\t<img loading=\"lazy\" decoding=\"async\" width=\"400\" height=\"205\" src=\"https:\/\/www.keyfortress.com\/latam\/wp-content\/uploads\/2021\/07\/keyfortress-insights1-400x205.jpg\" class=\"wd-gallery-image image-1\" alt=\"\" srcset=\"https:\/\/www.keyfortress.com\/latam\/wp-content\/uploads\/2021\/07\/keyfortress-insights1-400x205.jpg 400w, https:\/\/www.keyfortress.com\/latam\/wp-content\/uploads\/2021\/07\/keyfortress-insights1-430x221.jpg 430w, https:\/\/www.keyfortress.com\/latam\/wp-content\/uploads\/2021\/07\/keyfortress-insights1-150x77.jpg 150w, https:\/\/www.keyfortress.com\/latam\/wp-content\/uploads\/2021\/07\/keyfortress-insights1-700x359.jpg 700w, https:\/\/www.keyfortress.com\/latam\/wp-content\/uploads\/2021\/07\/keyfortress-insights1-768x394.jpg 768w, https:\/\/www.keyfortress.com\/latam\/wp-content\/uploads\/2021\/07\/keyfortress-insights1.jpg 1000w\" sizes=\"auto, (max-width: 400px) 100vw, 400px\" \/>\n\t\t\t\t\t\t\t\t\t\t\t\t\t\t<\/div>\n\t\t\t\t\t\t\t\t\t\t\t<div class=\"wd-gallery-item wd-carousel-item\">\n\t\t\t\t\t\t\t\n\t\t\t\t\t\t\t\t<img loading=\"lazy\" decoding=\"async\" width=\"400\" height=\"205\" src=\"https:\/\/www.keyfortress.com\/latam\/wp-content\/uploads\/2021\/07\/keyfortress-insights2-400x205.jpg\" class=\"wd-gallery-image image-2\" alt=\"\" srcset=\"https:\/\/www.keyfortress.com\/latam\/wp-content\/uploads\/2021\/07\/keyfortress-insights2-400x205.jpg 400w, https:\/\/www.keyfortress.com\/latam\/wp-content\/uploads\/2021\/07\/keyfortress-insights2-430x221.jpg 430w, https:\/\/www.keyfortress.com\/latam\/wp-content\/uploads\/2021\/07\/keyfortress-insights2-150x77.jpg 150w, https:\/\/www.keyfortress.com\/latam\/wp-content\/uploads\/2021\/07\/keyfortress-insights2-700x359.jpg 700w, https:\/\/www.keyfortress.com\/latam\/wp-content\/uploads\/2021\/07\/keyfortress-insights2-768x394.jpg 768w, https:\/\/www.keyfortress.com\/latam\/wp-content\/uploads\/2021\/07\/keyfortress-insights2.jpg 1000w\" sizes=\"auto, (max-width: 400px) 100vw, 400px\" \/>\n\t\t\t\t\t\t\t\t\t\t\t\t\t\t<\/div>\n\t\t\t\t\t\t\t\t\t\t\t<div class=\"wd-gallery-item wd-carousel-item\">\n\t\t\t\t\t\t\t\n\t\t\t\t\t\t\t\t<img loading=\"lazy\" decoding=\"async\" width=\"400\" height=\"205\" src=\"https:\/\/www.keyfortress.com\/latam\/wp-content\/uploads\/2021\/07\/keyfortress-insights3-400x205.jpg\" class=\"wd-gallery-image image-3\" alt=\"\" srcset=\"https:\/\/www.keyfortress.com\/latam\/wp-content\/uploads\/2021\/07\/keyfortress-insights3-400x205.jpg 400w, https:\/\/www.keyfortress.com\/latam\/wp-content\/uploads\/2021\/07\/keyfortress-insights3-430x221.jpg 430w, https:\/\/www.keyfortress.com\/latam\/wp-content\/uploads\/2021\/07\/keyfortress-insights3-150x77.jpg 150w, https:\/\/www.keyfortress.com\/latam\/wp-content\/uploads\/2021\/07\/keyfortress-insights3-700x359.jpg 700w, https:\/\/www.keyfortress.com\/latam\/wp-content\/uploads\/2021\/07\/keyfortress-insights3-768x394.jpg 768w, https:\/\/www.keyfortress.com\/latam\/wp-content\/uploads\/2021\/07\/keyfortress-insights3.jpg 1000w\" sizes=\"auto, (max-width: 400px) 100vw, 400px\" \/>\n\t\t\t\t\t\t\t\t\t\t\t\t\t\t<\/div>\n\t\t\t\t\t\t\t\t\t\n\t\t\t\t\t\t\t\t\t<\/div>\n\t\t\t\t\t\t\t<\/div>\n\n\t\t\t\t\t\t\t\t\t\t\t\t\t\t<div class=\"wd-nav-arrows wd-pos-sep wd-hover-1 wd-icon-1\">\n\t\t\t<div class=\"wd-btn-arrow wd-prev wd-disabled\">\n\t\t\t\t<div class=\"wd-arrow-inner\"><\/div>\n\t\t\t<\/div>\n\t\t\t<div class=\"wd-btn-arrow wd-next\">\n\t\t\t\t<div class=\"wd-arrow-inner\"><\/div>\n\t\t\t<\/div>\n\t\t<\/div>\n\t\t\t\t\t\t\n\t\t\t\t<\/div>\n\n\t\t\t\t\t\t<div class=\"wd-nav-pagin-wrap text-center wd-style-shape wd-hide-md-sm wd-hide-sm\">\n\t\t\t<ul class=\"wd-nav-pagin\"><\/ul>\n\t\t<\/div>\n\t\t\t\t\t\t\t\t\t\t\t<\/div>\n\t\t[vc_raw_html css=\u00bb\u00bb]JTVCc2lid3BfZm9ybSUyMGlkJTNEMSU1RA==[\/vc_raw_html][\/vc_column][vc_column width=\u00bb1\/2&#8243; css=\u00bb.vc_custom_1493297567292{padding-top: 30px !important;padding-right: 30px !important;padding-bottom: 20px !important;padding-left: 30px !important;}\u00bb]\n\t\t<div id=\"wd-67c5fba30d9ff\" class=\"title-wrapper wd-wpb wd-set-mb reset-last-child  wd-rs-67c5fba30d9ff wd-title-color-default wd-title-style-default text-center  wd-width-enabled wd-underline-colored\" style=\"--wd-max-width: 50%;\">\n\t\t\t\n\t\t\t<div class=\"liner-continer\">\n\t\t\t\t<h4 class=\"woodmart-title-container title  wd-font-weight- wd-fontsize-l\" >\u00danase a la conversaci\u00f3n<\/h4>\n\t\t\t\t\t\t\t<\/div>\n\t\t\t\n\t\t\t\t\t\t\t<div class=\"title-after_title reset-last-child  wd-fontsize-xs\">Donde los especialistas en seguridad de la informaci\u00f3n conversan.<\/div>\n\t\t\t\n\t\t\t\n\t\t<\/div>\n\t\t\n\t\t<div id=\"wd-67c672a9a4147\" class=\" wd-rs-67c672a9a4147  wd-button-wrapper wd-off-anim wpb_animate_when_almost_visible wpb_bounceIn bounceIn wd-anim-name_bounceIn text-center\"><a href=\"https:\/\/talks.keyfortress.com\/register\" title=\"\" class=\"btn btn-style-default btn-shape-rectangle btn-size-default\">Reg\u00edstrese en la comunidad<\/a><\/div>[vc_row_inner css=\u00bb.vc_custom_1741022078065{margin-top: 40px !important;}\u00bb woodmart_css_id=\u00bb67c5e37b7cfb1&#8243; responsive_spacing=\u00bbeyJwYXJhbV90eXBlIjoid29vZG1hcnRfcmVzcG9uc2l2ZV9zcGFjaW5nIiwic2VsZWN0b3JfaWQiOiI2N2M1ZTM3YjdjZmIxIiwic2hvcnRjb2RlIjoidmNfcm93X2lubmVyIiwiZGF0YSI6eyJ0YWJsZXQiOnt9LCJtb2JpbGUiOnt9fX0=\u00bb mobile_bg_img_hidden=\u00bbno\u00bb tablet_bg_img_hidden=\u00bbno\u00bb woodmart_parallax=\u00bb0&#8243; woodmart_gradient_switch=\u00bbno\u00bb woodmart_box_shadow=\u00bbno\u00bb wd_z_index=\u00bbno\u00bb woodmart_disable_overflow=\u00bb0&#8243; row_reverse_mobile=\u00bb0&#8243; row_reverse_tablet=\u00bb0&#8243;][vc_column_inner width=\u00bb1\/2&#8243;][vc_column_text css=\u00bb\u00bb woodmart_inline=\u00bbno\u00bb text_larger=\u00bbno\u00bb]<\/p>\n<p data-wp-editing=\"1\"><a href=\"https:\/\/talks.keyfortress.com\/topic\/158\/nuevos-est%C3%A1ndares-del-nist-por-qu%C3%A9-la-criptograf%C3%ADa-cu%C3%A1ntica-podr%C3%ADa-haber-alcanzado-su-madurez\"><img loading=\"lazy\" decoding=\"async\" class=\"alignleft wp-image-10337\" src=\"https:\/\/www.key-fortress.com\/wp-content\/uploads\/2021\/07\/wetalk-forum.png\" alt=\"\" width=\"40\" height=\"40\" \/><\/a><a href=\"https:\/\/talks.keyfortress.com\/topic\/158\/nuevos-est%C3%A1ndares-del-nist-por-qu%C3%A9-la-criptograf%C3%ADa-cu%C3%A1ntica-podr%C3%ADa-haber-alcanzado-su-madurez\">Nuevos est\u00e1ndares NIST: por qu\u00e9 la criptograf\u00eda cu\u00e1ntica podr\u00eda haber alcanzado su madurez<\/a><\/p>\n<p>[\/vc_column_text][vc_column_text css=\u00bb\u00bb woodmart_inline=\u00bbno\u00bb text_larger=\u00bbno\u00bb]<a href=\"https:\/\/talks.keyfortress.com\/topic\/157\/ciberseguridad-una-profesi%C3%B3n-cada-vez-m%C3%A1s-demandada-en-el-mundo-actual\"><img loading=\"lazy\" decoding=\"async\" class=\"alignleft wp-image-10337\" src=\"https:\/\/www.key-fortress.com\/wp-content\/uploads\/2021\/07\/wetalk-forum.png\" alt=\"\" width=\"40\" height=\"40\" \/>Ciberseguridad, una profesi\u00f3n cada vez m\u00e1s demandada<\/a>[\/vc_column_text][vc_column_text css=\u00bb\u00bb woodmart_inline=\u00bbno\u00bb text_larger=\u00bbno\u00bb]<a href=\"https:\/\/talks.keyfortress.com\/topic\/182\/c%C3%B3mo-compartir-una-contrase%C3%B1a-de-forma-segura-en-2024\"><img loading=\"lazy\" decoding=\"async\" class=\"alignleft wp-image-10337\" src=\"https:\/\/www.key-fortress.com\/wp-content\/uploads\/2021\/07\/wetalk-forum.png\" alt=\"\" width=\"40\" height=\"40\" \/><\/a><a href=\"https:\/\/talks.keyfortress.com\/topic\/182\/c%C3%B3mo-compartir-una-contrase%C3%B1a-de-forma-segura-en-2024\">C\u00f3mo compartir una contrase\u00f1a de forma segura<\/a>[\/vc_column_text][\/vc_column_inner][vc_column_inner width=\u00bb1\/2&#8243;][vc_column_text css=\u00bb\u00bb woodmart_inline=\u00bbno\u00bb text_larger=\u00bbno\u00bb]<a href=\"https:\/\/talks.keyfortress.com\/topic\/59\/encr%C3%ADptalo-todo-antes-de-enviarlo-o-compartirlo\"><img loading=\"lazy\" decoding=\"async\" class=\"alignleft wp-image-10337\" src=\"https:\/\/www.key-fortress.com\/wp-content\/uploads\/2021\/07\/wetalk-forum.png\" alt=\"\" width=\"40\" height=\"40\" \/><\/a><a href=\"https:\/\/talks.keyfortress.com\/topic\/59\/encr%C3%ADptalo-todo-antes-de-enviarlo-o-compartirlo\">Encr\u00edptalo todo antes de enviarlo o compartirlo<\/a>[\/vc_column_text][vc_column_text css=\u00bb\u00bb woodmart_inline=\u00bbno\u00bb text_larger=\u00bbno\u00bb]<a href=\"https:\/\/talks.keyfortress.com\/topic\/60\/software-de-seguridad-gratis-no-gracias\"><img loading=\"lazy\" decoding=\"async\" class=\"alignleft wp-image-10337\" src=\"https:\/\/www.key-fortress.com\/wp-content\/uploads\/2021\/07\/wetalk-forum.png\" alt=\"\" width=\"40\" height=\"40\" \/><\/a><a href=\"https:\/\/talks.keyfortress.com\/topic\/60\/software-de-seguridad-gratis-no-gracias\">\u00bfSoftware de Seguridad Gratis? No, gracia<\/a>[\/vc_column_text][vc_column_text css=\u00bb\u00bb woodmart_inline=\u00bbno\u00bb text_larger=\u00bbno\u00bb]<a href=\"https:\/\/talks.keyfortress.com\/topic\/3\/reporte-global-de-ciberseguridad-en-am%C3%A9rica-latina\"><img loading=\"lazy\" decoding=\"async\" class=\"alignleft wp-image-10337\" src=\"https:\/\/www.key-fortress.com\/wp-content\/uploads\/2021\/07\/wetalk-forum.png\" alt=\"\" width=\"40\" height=\"40\" \/><\/a><a href=\"https:\/\/talks.keyfortress.com\/topic\/3\/reporte-global-de-ciberseguridad-en-am%C3%A9rica-latina\">Reporte de Ciberseguridad y Amenazas en Am\u00e9rica Latina<\/a>[\/vc_column_text][\/vc_column_inner][\/vc_row_inner][\/vc_column][\/vc_row][vc_row][vc_column]\n\t\t<div id=\"wd-689008e462894\" class=\"title-wrapper wd-wpb wd-set-mb reset-last-child  wd-rs-689008e462894 wd-title-color-default wd-title-style-bordered text-left  wd-underline-colored\">\n\t\t\t\n\t\t\t<div class=\"liner-continer\">\n\t\t\t\t<h4 class=\"woodmart-title-container title  wd-font-weight- wd-fontsize-l\" >Lecturas sugeridas<\/h4>\n\t\t\t\t\t\t\t<\/div>\n\t\t\t\n\t\t\t\n\t\t\t\n\t\t<\/div>\n\t\t\n\t\t<style data-type=\"vc_shortcodes-custom-css\">.wd-rs-688fb71057170 .btn{font-family: \"Manrope\", Arial, Helvetica, sans-serif;text-transform: none;}.wd-rs-688fb767e52d1 .btn{font-family: \"Manrope\", Arial, Helvetica, sans-serif;text-transform: none;}.wd-rs-688fb9246cd75 .btn{font-family: \"Manrope\", Arial, Helvetica, sans-serif;text-transform: none;}.wd-rs-688fba2a02f7a .btn{font-family: \"Manrope\", Arial, Helvetica, sans-serif;text-transform: none;}.wd-rs-688fba3892a4a .btn{font-family: \"Manrope\", Arial, Helvetica, sans-serif;text-transform: none;}.wd-rs-68900b8ca1aac .btn{font-family: \"Manrope\", Arial, Helvetica, sans-serif;text-transform: none;}<\/style><div class=\"wpb-content-wrapper\">[vc_row][vc_column width=\"1\/3\"][vc_column_text css=\"\" woodmart_inline=\"no\" text_larger=\"no\"]\r\n<h3><strong><img loading=\"lazy\" decoding=\"async\" class=\"alignleft wp-image-13029\" src=\"https:\/\/www.keyfortress.com\/latam\/wp-content\/uploads\/2025\/08\/criptografia-postcuantica.png\" alt=\"criptografia-postcuantica\" width=\"35\" height=\"35\" \/>Criptograf\u00eda Post-Cu\u00e1ntica (PQC) para sus Negocio<\/strong><\/h3>\r\nPara hablar de computaci\u00f3n cu\u00e1ntica y criptograf\u00eda post-cu\u00e1ntica (PQC) es necesario entender ...[\/vc_column_text]<div id=\"wd-688fb71057170\" class=\" wd-rs-688fb71057170  wd-button-wrapper text-left\"><a href=\"\/latam\/producto\/workstation\/criptografia-postcuantica-pqc\" title=\"\" class=\"btn btn-color-primary btn-style-link btn-shape-rectangle btn-size-large btn-icon-pos-left\">Continuar leyendo<span class=\"wd-btn-icon\"><span class=\"wd-icon fas fa-angle-double-down\"><\/span><\/span><\/a><\/div>[vc_empty_space height=\"50px\" woodmart_hide_large=\"0\" woodmart_hide_medium=\"0\" woodmart_hide_small=\"0\"][\/vc_column][vc_column width=\"1\/3\"][vc_column_text css=\"\" woodmart_inline=\"no\" text_larger=\"no\"]\r\n<h3><strong><img loading=\"lazy\" decoding=\"async\" class=\"alignleft wp-image-13030\" src=\"https:\/\/www.keyfortress.com\/latam\/wp-content\/uploads\/2025\/08\/certificados-pgp-bancos.png\" alt=\"certificados-pgp-bancos\" width=\"35\" height=\"35\" \/>Certificados Digitales PGP para Bancos<\/strong><\/h3>\r\nEl est\u00e1ndar m\u00e1s usado para cifrar informaci\u00f3n y archivos de manera segura y confidencial es el cifrado PGP...[\/vc_column_text]<div id=\"wd-688fb767e52d1\" class=\" wd-rs-688fb767e52d1  wd-button-wrapper text-left\"><a href=\"\/latam\/producto\/certificados-pgp\/certificados-digitales-pgp-bancos\" title=\"\" class=\"btn btn-color-primary btn-style-link btn-shape-rectangle btn-size-large btn-icon-pos-left\">Continuar leyendo<span class=\"wd-btn-icon\"><span class=\"wd-icon fas fa-angle-double-down\"><\/span><\/span><\/a><\/div>[vc_empty_space height=\"50px\" woodmart_hide_large=\"0\" woodmart_hide_medium=\"0\" woodmart_hide_small=\"0\"][\/vc_column][vc_column width=\"1\/3\"][vc_column_text css=\"\" woodmart_inline=\"no\" text_larger=\"no\"]\r\n<h3><strong><img loading=\"lazy\" decoding=\"async\" class=\"alignleft wp-image-13032\" src=\"https:\/\/www.keyfortress.com\/latam\/wp-content\/uploads\/2025\/08\/host2host-bancos-financieros.png\" alt=\"host2host-bancos-financieros\" width=\"35\" height=\"35\" \/>Host-to-Host para el intercambio financiero<\/strong><\/h3>\r\nH2H ha revolucionado la forma en que las instituciones financieras y los clientes intercambian datos...[\/vc_column_text]<div id=\"wd-688fb9246cd75\" class=\" wd-rs-688fb9246cd75  wd-button-wrapper text-left\"><a href=\"\/latam\/producto\/workstation\/pgp-host-to-host-financiero\" title=\"\" class=\"btn btn-color-primary btn-style-link btn-shape-rectangle btn-size-large btn-icon-pos-left\">Continuar leyendo<span class=\"wd-btn-icon\"><span class=\"wd-icon fas fa-angle-double-down\"><\/span><\/span><\/a><\/div>[vc_empty_space height=\"50px\" woodmart_hide_large=\"0\" woodmart_hide_medium=\"0\" woodmart_hide_small=\"0\"][\/vc_column][\/vc_row][vc_row][vc_column width=\"1\/3\"][vc_column_text css=\"\" woodmart_inline=\"no\" text_larger=\"no\"]\r\n<h3><strong><img loading=\"lazy\" decoding=\"async\" class=\"alignleft wp-image-13033\" src=\"https:\/\/www.keyfortress.com\/latam\/wp-content\/uploads\/2025\/08\/cifrar-archivos.png\" alt=\"cifrar-archivos\" width=\"35\" height=\"35\" \/>No env\u00edes ni compartas archivos sin cifrarlos<\/strong><\/h3>\r\nEl principal peligro de la llegada de la computaci\u00f3n cu\u00e1ntica es que la seguridad que hoy conocemos ser\u00e1 vulnerable...[\/vc_column_text]<div id=\"wd-688fba2a02f7a\" class=\" wd-rs-688fba2a02f7a  wd-button-wrapper text-left\"><a href=\"\/latam\/insights\/no-envies-archivos-sin-cifrarlos\" title=\"\" class=\"btn btn-color-primary btn-style-link btn-shape-rectangle btn-size-large btn-icon-pos-left\">Continuar leyendo<span class=\"wd-btn-icon\"><span class=\"wd-icon fas fa-angle-double-down\"><\/span><\/span><\/a><\/div>[vc_empty_space height=\"50px\" woodmart_hide_large=\"0\" woodmart_hide_medium=\"0\" woodmart_hide_small=\"0\"][\/vc_column][vc_column width=\"1\/3\"][vc_column_text css=\"\" woodmart_inline=\"no\" text_larger=\"no\"]\r\n<h3><strong><img loading=\"lazy\" decoding=\"async\" class=\"alignleft wp-image-13034\" src=\"https:\/\/www.keyfortress.com\/latam\/wp-content\/uploads\/2025\/08\/gestor-contrasenas.png\" alt=\"gestor-generador-contrasenas\" width=\"35\" height=\"35\" \/>No guardes tus contrase\u00f1as en bloc de notas<\/strong><\/h3>\r\nUna de las formas m\u00e1s frecuentes de robarnos informaci\u00f3n es accediendo o intuyendo contrase\u00f1as fr\u00e1giles y descuidadas...[\/vc_column_text]<div id=\"wd-688fba3892a4a\" class=\" wd-rs-688fba3892a4a  wd-button-wrapper text-left\"><a href=\"\/latam\/insights\/contrasenas-bloc-notas\" title=\"\" class=\"btn btn-color-primary btn-style-link btn-shape-rectangle btn-size-large btn-icon-pos-left\">Continuar leyendo<span class=\"wd-btn-icon\"><span class=\"wd-icon fas fa-angle-double-down\"><\/span><\/span><\/a><\/div>[vc_empty_space height=\"50px\" woodmart_hide_large=\"0\" woodmart_hide_medium=\"0\" woodmart_hide_small=\"0\"][\/vc_column][vc_column width=\"1\/3\"][vc_column_text css=\"\" woodmart_inline=\"no\" text_larger=\"no\"]\r\n<h3><strong><img loading=\"lazy\" decoding=\"async\" class=\"alignleft wp-image-13041\" src=\"https:\/\/www.keyfortress.com\/latam\/wp-content\/uploads\/2025\/08\/proteger-usuarios-finales.png\" alt=\"proteger-usuarios-finales\" width=\"35\" height=\"35\" \/>Proteger usuarios finales para evitar ataques<\/strong><\/h3>\r\nLos antivirus han evolucionados a herramientas m\u00e1s sofisticadas no solo para proteger a sus usuarios m\u00e1s vulnerables sino....[\/vc_column_text]<div id=\"wd-68900b8ca1aac\" class=\" wd-rs-68900b8ca1aac  wd-button-wrapper text-left\"><a href=\"\/latam\/insights\/proteger-usuarios-finales-evitar-ataques\" title=\"\" class=\"btn btn-color-primary btn-style-link btn-shape-rectangle btn-size-large btn-icon-pos-left\">Continuar leyendo<span class=\"wd-btn-icon\"><span class=\"wd-icon fas fa-angle-double-down\"><\/span><\/span><\/a><\/div>[vc_empty_space height=\"50px\" woodmart_hide_large=\"0\" woodmart_hide_medium=\"0\" woodmart_hide_small=\"0\"][\/vc_column][\/vc_row]<\/div>[\/vc_column][\/vc_row]<\/p>\n<\/div>","protected":false},"excerpt":{"rendered":"<p>[vc_row full_width=\u00bbstretch_row\u00bb css=\u00bb.vc_custom_1740609567331{margin-top: 70px !important;padding-top: 20px !important;background-position: 0 0 !important;background-repeat: no-repeat !important;border-color: rgba(129,129,129,0.2) !important;}\u00bb woodmart_css_id=\u00bb67bf9819831d9&#8243; responsive_spacing=\u00bbeyJwYXJhbV90eXBlIjoid29vZG1hcnRfcmVzcG9uc2l2ZV9zcGFjaW5nIiwic2VsZWN0b3JfaWQiOiI2N2JmOTgxOTgzMWQ5Iiwic2hvcnRjb2RlIjoidmNfcm93IiwiZGF0YSI6eyJ0YWJsZXQiOnt9LCJtb2JpbGUiOnt9fX0=\u00bb mobile_bg_img_hidden=\u00bbno\u00bb tablet_bg_img_hidden=\u00bbno\u00bb woodmart_parallax=\u00bb0&#8243; woodmart_gradient_switch=\u00bbno\u00bb<\/p>\n","protected":false},"author":1,"featured_media":0,"parent":0,"menu_order":0,"comment_status":"closed","ping_status":"closed","template":"","meta":{"inline_featured_image":false,"footnotes":""},"class_list":["post-10949","page","type-page","status-publish","hentry"],"_links":{"self":[{"href":"https:\/\/www.keyfortress.com\/latam\/wp-json\/wp\/v2\/pages\/10949","targetHints":{"allow":["GET"]}}],"collection":[{"href":"https:\/\/www.keyfortress.com\/latam\/wp-json\/wp\/v2\/pages"}],"about":[{"href":"https:\/\/www.keyfortress.com\/latam\/wp-json\/wp\/v2\/types\/page"}],"author":[{"embeddable":true,"href":"https:\/\/www.keyfortress.com\/latam\/wp-json\/wp\/v2\/users\/1"}],"replies":[{"embeddable":true,"href":"https:\/\/www.keyfortress.com\/latam\/wp-json\/wp\/v2\/comments?post=10949"}],"version-history":[{"count":32,"href":"https:\/\/www.keyfortress.com\/latam\/wp-json\/wp\/v2\/pages\/10949\/revisions"}],"predecessor-version":[{"id":13035,"href":"https:\/\/www.keyfortress.com\/latam\/wp-json\/wp\/v2\/pages\/10949\/revisions\/13035"}],"wp:attachment":[{"href":"https:\/\/www.keyfortress.com\/latam\/wp-json\/wp\/v2\/media?parent=10949"}],"curies":[{"name":"wp","href":"https:\/\/api.w.org\/{rel}","templated":true}]}}