{"id":11035,"date":"2025-01-30T18:36:41","date_gmt":"2025-01-30T23:36:41","guid":{"rendered":"https:\/\/www.key-fortress.com\/?page_id=11035"},"modified":"2026-04-02T12:47:21","modified_gmt":"2026-04-02T17:47:21","slug":"alternativa-goanywhere","status":"publish","type":"page","link":"https:\/\/www.keyfortress.com\/latam\/comparacion\/alternativa-goanywhere","title":{"rendered":"La alternativa a Fortra GoAnywhere MFT"},"content":{"rendered":"<div class=\"wpb-content-wrapper\"><p>[vc_row css=\u00bb.vc_custom_1741064966689{margin-top: 90px !important;}\u00bb woodmart_css_id=\u00bb67c68b00dc56b\u00bb responsive_spacing=\u00bbeyJwYXJhbV90eXBlIjoid29vZG1hcnRfcmVzcG9uc2l2ZV9zcGFjaW5nIiwic2VsZWN0b3JfaWQiOiI2N2M2OGIwMGRjNTZiIiwic2hvcnRjb2RlIjoidmNfcm93IiwiZGF0YSI6eyJ0YWJsZXQiOnt9LCJtb2JpbGUiOnt9fX0=\u00bb mobile_bg_img_hidden=\u00bbno\u00bb tablet_bg_img_hidden=\u00bbno\u00bb woodmart_parallax=\u00bb0&#8243; woodmart_gradient_switch=\u00bbno\u00bb woodmart_box_shadow=\u00bbno\u00bb wd_z_index=\u00bbno\u00bb woodmart_disable_overflow=\u00bb0&#8243; row_reverse_mobile=\u00bb0&#8243; row_reverse_tablet=\u00bb0&#8243;][vc_column width=\u00bb2\/3&#8243;]\n\t\t<div id=\"wd-67c6985fd7123\" class=\"title-wrapper wd-wpb wd-set-mb reset-last-child  wd-rs-67c6985fd7123 wd-title-color-default wd-title-style-default text-left  wd-underline-colored\">\n\t\t\t\n\t\t\t<div class=\"liner-continer\">\n\t\t\t\t<h4 class=\"woodmart-title-container title  wd-font-weight-600 wd-fontsize-l\" >La alternativa a Fortra GoAnywhere MFT<\/h4>\n\t\t\t\t\t\t\t<\/div>\n\t\t\t\n\t\t\t\n\t\t\t\n\t\t<\/div>\n\t\t\n\t\t[vc_row_inner][vc_column_inner width=\u00bb1\/2&#8243;][vc_column_text css=\u00bb.vc_custom_1738280379129{padding-top: 20px !important;padding-right: 20px !important;padding-bottom: 20px !important;padding-left: 20px !important;background-color: #F7F7F7 !important;}\u00bb woodmart_inline=\u00bbno\u00bb text_larger=\u00bbyes\u00bb]<img loading=\"lazy\" decoding=\"async\" class=\"alignnone size-full wp-image-11039\" src=\"https:\/\/www.key-fortress.com\/wp-content\/uploads\/2025\/01\/fortra-goanywhere-mft-alternative.png\" alt=\"fortra-goanywhere-mft-alternative\" width=\"1862\" height=\"1024\" srcset=\"https:\/\/www.keyfortress.com\/latam\/wp-content\/uploads\/2025\/01\/fortra-goanywhere-mft-alternative.png 1862w, https:\/\/www.keyfortress.com\/latam\/wp-content\/uploads\/2025\/01\/fortra-goanywhere-mft-alternative-430x236.png 430w, https:\/\/www.keyfortress.com\/latam\/wp-content\/uploads\/2025\/01\/fortra-goanywhere-mft-alternative-150x82.png 150w, https:\/\/www.keyfortress.com\/latam\/wp-content\/uploads\/2025\/01\/fortra-goanywhere-mft-alternative-700x385.png 700w, https:\/\/www.keyfortress.com\/latam\/wp-content\/uploads\/2025\/01\/fortra-goanywhere-mft-alternative-400x220.png 400w, https:\/\/www.keyfortress.com\/latam\/wp-content\/uploads\/2025\/01\/fortra-goanywhere-mft-alternative-1300x715.png 1300w, https:\/\/www.keyfortress.com\/latam\/wp-content\/uploads\/2025\/01\/fortra-goanywhere-mft-alternative-768x422.png 768w, https:\/\/www.keyfortress.com\/latam\/wp-content\/uploads\/2025\/01\/fortra-goanywhere-mft-alternative-1536x845.png 1536w\" sizes=\"auto, (max-width: 1862px) 100vw, 1862px\" \/>[\/vc_column_text][\/vc_column_inner][vc_column_inner width=\u00bb1\/2&#8243;][vc_column_text css=\u00bb\u00bb woodmart_inline=\u00bbno\u00bb text_larger=\u00bbno\u00bb]<\/p>\n<p data-sourcepos=\"3:1-3:365\"><strong>GoAnywhere<\/strong> es una soluci\u00f3n de Transferencia de Archivos Gestionada (MFT) desarrollada por FORTRA que ayuda a las empresas a transferir archivos de forma segura y eficiente entre sistemas y personas. Ofrece recursos como cifrado, automatizaci\u00f3n e informes de cumplimiento para garantizar la seguridad de los datos y optimizar los procesos de intercambio de archivos.<\/p>\n<p data-sourcepos=\"5:1-5:267\"><strong>GoAnywhere<\/strong> es uno de los mejores y m\u00e1s confiables softwares para cifrado de archivos y MFT. Durante a\u00f1os, ha sido una de las principales opciones para empresas de todos los sectores para proteger su informaci\u00f3n o mover sus archivos de forma segura de un punto a otro.<\/p>\n<p>[\/vc_column_text][\/vc_column_inner][\/vc_row_inner][vc_column_text css=\u00bb.vc_custom_1775151563257{padding-top: 0px !important;padding-right: 10px !important;padding-bottom: 10px !important;padding-left: 10px !important;}\u00bb woodmart_inline=\u00bbno\u00bb text_larger=\u00bbyes\u00bb]<\/p>\n<h2>KeyFortress\u2122 PGP Workstation: Una alternativa confiable a GoAnywhere<\/h2>\n<p><a href=\"\/produto\/workstation\"><strong data-wp-editing=\"1\"><img loading=\"lazy\" decoding=\"async\" class=\"alignnone \" src=\"https:\/\/img.icons8.com\/glyph-neue\/64\/workstation.png\" alt=\"KeyFortress Workstation\" width=\"18\" height=\"18\" \/> KeyFortress PGP Workstation<\/strong><\/a> se ha destacado como una soluci\u00f3n de vanguardia para la seguridad y gesti\u00f3n de archivos en una amplia gama de industrias. Desde su lanzamiento, ha ganado terreno como una alternativa competitiva a GoAnywhere, particularmente para empresas que necesitan transferencias de archivos cifrados y funcionalidades bancarias host-to-host con PGP.<\/p>\n<blockquote><p><a href=\"\/latam\/producto\/workstation\"><strong><img loading=\"lazy\" decoding=\"async\" class=\"alignnone \" src=\"https:\/\/img.icons8.com\/glyph-neue\/64\/workstation.png\" alt=\"KeyFortress Workstation\" width=\"18\" height=\"18\" \/> KeyFortress\u2122 PGP Workstation<\/strong><\/a> ofrece: Confiabilidad, Precio Asequible, Innovaci\u00f3n, Experiencia de Usuario Mejorada, Facilidad de Uso e Implementaci\u00f3n R\u00e1pida.<\/p><\/blockquote>\n<p>[\/vc_column_text]<div id=\"wd-69ceab9d1b43e\" class=\" wd-rs-69ceab9d1b43e vc_custom_1775152038813 wd-button-wrapper wd-off-anim wpb_animate_when_almost_visible wpb_fadeInDown fadeInDown wd-anim-name_fadeInDown text-left\"><a href=\"\/latam\/producto\/workstation\" title=\"\" style=\"--btn-color:#fff;--btn-color-hover:#fff;\" class=\"btn btn-style-default btn-shape-rectangle btn-size-default\">Pruebe KeyFortress PGP Workstation<\/a><\/div>[vc_column_text css=\u00bb.vc_custom_1775151573036{margin-top: 35px !important;padding-top: 0px !important;padding-right: 10px !important;padding-bottom: 0px !important;padding-left: 10px !important;}\u00bb woodmart_inline=\u00bbno\u00bb text_larger=\u00bbyes\u00bb]<\/p>\n<h2>Compare: 10 Diferencias entre KeyFortress\u2122 PGP Workstation y GoAnywhere MFT<\/h2>\n<p>Vea las principales diferencias en funcionalidades, tecnolog\u00eda, capacidades y servicios y descubra cu\u00e1l soluci\u00f3n es la ideal para usted.[\/vc_column_text]\t\t<div class=\"wd-wpb wd-rs-67c693333fc42\">\n\t\t\t<div class=\"wd-el-table-wrap wd-reset-all-last\">\n\t\t\t\t<table class=\"wd-el-table\">\n\t\t\t\t\t<tbody class=\"text-left\">\n\t\t\t\t\t\t\t\t<tr class=\" wd-rs-69cea9ec71cfb\">\n\t\t\t\t\t\t\t\t\t\t\t\t\t\t<th colspan=\"1\" rowspan=\"1\" style=\"background-color: rgb(209,209,209);\">\n\t\t\t\t\t\t\t\t\t\t\t\t\tCaracter\u00edsticas\t\t\t\t\t\t\t\t\t\t\t<\/th>\n\t\t\t\t\t\t\t\t\t\t\t\t\t\t<th colspan=\"1\" rowspan=\"1\" class=\"text-center\" style=\"color: rgb(255,255,255);background-color: rgb(0,0,0);\">\n\t\t\t\t\t\t\t\t\t\t\t\t\tGoAnywhere MFT\t\t\t\t\t\t\t\t\t\t\t<\/th>\n\t\t\t\t\t\t\t\t\t\t\t\t\t\t<th colspan=\"1\" rowspan=\"1\" class=\"text-center\" style=\"color: rgb(255,255,255);background-color: rgb(0,0,0);\">\n\t\t\t\t\t\t\t\t\t\t\t\t\tKeyFortress\u2122 PGP Workstation\t\t\t\t\t\t\t\t\t\t\t<\/th>\n\t\t\t\t\t\t\t<\/tr>\n\t\t\t\t\t<tr class=\" wd-rs-67c68d5930d2f\">\n\t\t\t\t\t\t\t\t\t\t\t\t\t\t<td colspan=\"1\" rowspan=\"1\">\n\t\t\t\t\t\t\t\t\t\t\t\t\tVersi\u00f3n Trial o de Pruebas\t\t\t\t\t\t\t\t\t\t\t<\/td>\n\t\t\t\t\t\t\t\t\t\t\t\t\t\t<td colspan=\"1\" rowspan=\"1\" class=\"text-center\">\n\t\t\t\t\t\t\t\t\t\t\t\t\t<img loading=\"lazy\" decoding=\"async\" width=\"30\" height=\"30\" src=\"https:\/\/img.icons8.com\/ios-filled\/50\/40C057\/checked-checkbox.png\" alt=\"checked-checkbox\" \/>\t\t\t\t\t\t\t\t\t\t\t<\/td>\n\t\t\t\t\t\t\t\t\t\t\t\t\t\t<td colspan=\"1\" rowspan=\"1\" class=\"text-center\">\n\t\t\t\t\t\t\t\t\t\t\t\t\t<img loading=\"lazy\" decoding=\"async\" width=\"30\" height=\"30\" src=\"https:\/\/img.icons8.com\/ios-filled\/50\/40C057\/checked-checkbox.png\" alt=\"checked-checkbox\" \/>\t\t\t\t\t\t\t\t\t\t\t<\/td>\n\t\t\t\t\t\t\t<\/tr>\n\t\t\t\t\t<tr class=\" wd-rs-67c68d7b33ff1\">\n\t\t\t\t\t\t\t\t\t\t\t\t\t\t<td colspan=\"1\" rowspan=\"1\">\n\t\t\t\t\t\t\t\t\t\t\t\t\tDisponible en Ingl\u00e9s, Espa\u00f1ol y Portugu\u00e9s\t\t\t\t\t\t\t\t\t\t\t<\/td>\n\t\t\t\t\t\t\t\t\t\t\t\t\t\t<td colspan=\"1\" rowspan=\"1\" class=\"text-center\">\n\t\t\t\t\t\t\t\t\t\t\t\t\t<img loading=\"lazy\" decoding=\"async\" width=\"30\" height=\"30\" src=\"https:\/\/img.icons8.com\/ios-filled\/50\/40C057\/checked-checkbox.png\" alt=\"checked-checkbox\" \/>\t\t\t\t\t\t\t\t\t\t\t<\/td>\n\t\t\t\t\t\t\t\t\t\t\t\t\t\t<td colspan=\"1\" rowspan=\"1\" class=\"text-center\">\n\t\t\t\t\t\t\t\t\t\t\t\t\t<img loading=\"lazy\" decoding=\"async\" width=\"30\" height=\"30\" src=\"https:\/\/img.icons8.com\/ios-filled\/50\/40C057\/checked-checkbox.png\" alt=\"checked-checkbox\" \/>\t\t\t\t\t\t\t\t\t\t\t<\/td>\n\t\t\t\t\t\t\t<\/tr>\n\t\t\t\t\t<tr class=\" wd-rs-67c68e17368b5\">\n\t\t\t\t\t\t\t\t\t\t\t\t\t\t<td colspan=\"1\" rowspan=\"1\">\n\t\t\t\t\t\t\t\t\t\t\t\t\tFlujos de trabajo y tareas individuales\t\t\t\t\t\t\t\t\t\t\t<\/td>\n\t\t\t\t\t\t\t\t\t\t\t\t\t\t<td colspan=\"1\" rowspan=\"1\" class=\"text-center\">\n\t\t\t\t\t\t\t\t\t\t\t\t\t<img loading=\"lazy\" decoding=\"async\" width=\"30\" height=\"30\" src=\"https:\/\/img.icons8.com\/ios-filled\/50\/40C057\/checked-checkbox.png\" alt=\"checked-checkbox\" \/>\t\t\t\t\t\t\t\t\t\t\t<\/td>\n\t\t\t\t\t\t\t\t\t\t\t\t\t\t<td colspan=\"1\" rowspan=\"1\" class=\"text-center\">\n\t\t\t\t\t\t\t\t\t\t\t\t\t<img loading=\"lazy\" decoding=\"async\" width=\"30\" height=\"30\" src=\"https:\/\/img.icons8.com\/ios-filled\/50\/40C057\/checked-checkbox.png\" alt=\"checked-checkbox\" \/>\t\t\t\t\t\t\t\t\t\t\t<\/td>\n\t\t\t\t\t\t\t<\/tr>\n\t\t\t\t\t<tr class=\" wd-rs-67c68d9b5fe8b\">\n\t\t\t\t\t\t\t\t\t\t\t\t\t\t<td colspan=\"1\" rowspan=\"1\">\n\t\t\t\t\t\t\t\t\t\t\t\t\tSoporte Telef\u00f3nico 24\/7\t\t\t\t\t\t\t\t\t\t\t<\/td>\n\t\t\t\t\t\t\t\t\t\t\t\t\t\t<td colspan=\"1\" rowspan=\"1\" class=\"text-center\">\n\t\t\t\t\t\t\t\t\t\t\t\t\t<img loading=\"lazy\" decoding=\"async\" width=\"30\" height=\"30\" src=\"https:\/\/img.icons8.com\/ios-filled\/50\/40C057\/checked-checkbox.png\" alt=\"checked-checkbox\" \/>\t\t\t\t\t\t\t\t\t\t\t<\/td>\n\t\t\t\t\t\t\t\t\t\t\t\t\t\t<td colspan=\"1\" rowspan=\"1\" class=\"text-center\">\n\t\t\t\t\t\t\t\t\t\t\t\t\t<img loading=\"lazy\" decoding=\"async\" width=\"30\" height=\"30\" src=\"https:\/\/img.icons8.com\/ios-filled\/50\/40C057\/checked-checkbox.png\" alt=\"checked-checkbox\" \/>\t\t\t\t\t\t\t\t\t\t\t<\/td>\n\t\t\t\t\t\t\t<\/tr>\n\t\t\t\t\t<tr class=\" wd-rs-67c68da832936\">\n\t\t\t\t\t\t\t\t\t\t\t\t\t\t<td colspan=\"1\" rowspan=\"1\">\n\t\t\t\t\t\t\t\t\t\t\t\t\tCompatibilidad con PGP, GPG y AES-256\t\t\t\t\t\t\t\t\t\t\t<\/td>\n\t\t\t\t\t\t\t\t\t\t\t\t\t\t<td colspan=\"1\" rowspan=\"1\" class=\"text-center\">\n\t\t\t\t\t\t\t\t\t\t\t\t\t<img loading=\"lazy\" decoding=\"async\" width=\"30\" height=\"30\" src=\"https:\/\/img.icons8.com\/ios-filled\/50\/40C057\/checked-checkbox.png\" alt=\"checked-checkbox\" \/>\t\t\t\t\t\t\t\t\t\t\t<\/td>\n\t\t\t\t\t\t\t\t\t\t\t\t\t\t<td colspan=\"1\" rowspan=\"1\" class=\"text-center\">\n\t\t\t\t\t\t\t\t\t\t\t\t\t<img loading=\"lazy\" decoding=\"async\" width=\"30\" height=\"30\" src=\"https:\/\/img.icons8.com\/ios-filled\/50\/40C057\/checked-checkbox.png\" alt=\"checked-checkbox\" \/>\t\t\t\t\t\t\t\t\t\t\t<\/td>\n\t\t\t\t\t\t\t<\/tr>\n\t\t\t\t\t<tr class=\" wd-rs-67c68dc20f128\">\n\t\t\t\t\t\t\t\t\t\t\t\t\t\t<td colspan=\"1\" rowspan=\"1\">\n\t\t\t\t\t\t\t\t\t\t\t\t\tGeneraci\u00f3n de Par de Claves PGP\t\t\t\t\t\t\t\t\t\t\t<\/td>\n\t\t\t\t\t\t\t\t\t\t\t\t\t\t<td colspan=\"1\" rowspan=\"1\" class=\"text-center\">\n\t\t\t\t\t\t\t\t\t\t\t\t\t<img loading=\"lazy\" decoding=\"async\" width=\"30\" height=\"30\" src=\"https:\/\/img.icons8.com\/ios-filled\/50\/40C057\/checked-checkbox.png\" alt=\"checked-checkbox\" \/>\t\t\t\t\t\t\t\t\t\t\t<\/td>\n\t\t\t\t\t\t\t\t\t\t\t\t\t\t<td colspan=\"1\" rowspan=\"1\" class=\"text-center\">\n\t\t\t\t\t\t\t\t\t\t\t\t\t<img loading=\"lazy\" decoding=\"async\" width=\"30\" height=\"30\" src=\"https:\/\/img.icons8.com\/ios-filled\/50\/40C057\/checked-checkbox.png\" alt=\"checked-checkbox\" \/>\t\t\t\t\t\t\t\t\t\t\t<\/td>\n\t\t\t\t\t\t\t<\/tr>\n\t\t\t\t\t<tr class=\" wd-rs-67c68dd47ef9a\">\n\t\t\t\t\t\t\t\t\t\t\t\t\t\t<td colspan=\"1\" rowspan=\"1\">\n\t\t\t\t\t\t\t\t\t\t\t\t\tGesti\u00f3n e Inventario de Par de Claves PGP\t\t\t\t\t\t\t\t\t\t\t<\/td>\n\t\t\t\t\t\t\t\t\t\t\t\t\t\t<td colspan=\"1\" rowspan=\"1\" class=\"text-center\">\n\t\t\t\t\t\t\t\t\t\t\t\t\t<img loading=\"lazy\" decoding=\"async\" width=\"30\" height=\"30\" src=\"https:\/\/img.icons8.com\/ios-filled\/50\/FA5252\/circled-x.png\" alt=\"circled-x\" \/>\t\t\t\t\t\t\t\t\t\t\t<\/td>\n\t\t\t\t\t\t\t\t\t\t\t\t\t\t<td colspan=\"1\" rowspan=\"1\" class=\"text-center\">\n\t\t\t\t\t\t\t\t\t\t\t\t\t<img loading=\"lazy\" decoding=\"async\" width=\"30\" height=\"30\" src=\"https:\/\/img.icons8.com\/ios-filled\/50\/40C057\/checked-checkbox.png\" alt=\"checked-checkbox\" \/>\t\t\t\t\t\t\t\t\t\t\t<\/td>\n\t\t\t\t\t\t\t<\/tr>\n\t\t\t\t\t<tr class=\" wd-rs-67c68e250a874\">\n\t\t\t\t\t\t\t\t\t\t\t\t\t\t<td colspan=\"1\" rowspan=\"1\">\n\t\t\t\t\t\t\t\t\t\t\t\t\tDirectorio de Claves P\u00fablicas\t\t\t\t\t\t\t\t\t\t\t<\/td>\n\t\t\t\t\t\t\t\t\t\t\t\t\t\t<td colspan=\"1\" rowspan=\"1\" class=\"text-center\">\n\t\t\t\t\t\t\t\t\t\t\t\t\t<img loading=\"lazy\" decoding=\"async\" width=\"30\" height=\"30\" src=\"https:\/\/img.icons8.com\/ios-filled\/50\/FA5252\/circled-x.png\" alt=\"circled-x\" \/>\t\t\t\t\t\t\t\t\t\t\t<\/td>\n\t\t\t\t\t\t\t\t\t\t\t\t\t\t<td colspan=\"1\" rowspan=\"1\" class=\"text-center\">\n\t\t\t\t\t\t\t\t\t\t\t\t\t<img loading=\"lazy\" decoding=\"async\" width=\"30\" height=\"30\" src=\"https:\/\/img.icons8.com\/ios-filled\/50\/40C057\/checked-checkbox.png\" alt=\"checked-checkbox\" \/>\t\t\t\t\t\t\t\t\t\t\t<\/td>\n\t\t\t\t\t\t\t<\/tr>\n\t\t\t\t\t<tr class=\" wd-rs-67c68e39044c6\">\n\t\t\t\t\t\t\t\t\t\t\t\t\t\t<td colspan=\"1\" rowspan=\"1\">\n\t\t\t\t\t\t\t\t\t\t\t\t\tModo Offline (No requiere Internet)\t\t\t\t\t\t\t\t\t\t\t<\/td>\n\t\t\t\t\t\t\t\t\t\t\t\t\t\t<td colspan=\"1\" rowspan=\"1\" class=\"text-center\">\n\t\t\t\t\t\t\t\t\t\t\t\t\t<img loading=\"lazy\" decoding=\"async\" width=\"30\" height=\"30\" src=\"https:\/\/img.icons8.com\/ios-filled\/50\/FA5252\/circled-x.png\" alt=\"circled-x\" \/>\t\t\t\t\t\t\t\t\t\t\t<\/td>\n\t\t\t\t\t\t\t\t\t\t\t\t\t\t<td colspan=\"1\" rowspan=\"1\" class=\"text-center\">\n\t\t\t\t\t\t\t\t\t\t\t\t\t<img loading=\"lazy\" decoding=\"async\" width=\"30\" height=\"30\" src=\"https:\/\/img.icons8.com\/ios-filled\/50\/40C057\/checked-checkbox.png\" alt=\"checked-checkbox\" \/>\t\t\t\t\t\t\t\t\t\t\t<\/td>\n\t\t\t\t\t\t\t<\/tr>\n\t\t\t\t\t<tr class=\" wd-rs-67c68e5f8e14b\">\n\t\t\t\t\t\t\t\t\t\t\t\t\t\t<td colspan=\"1\" rowspan=\"1\">\n\t\t\t\t\t\t\t\t\t\t\t\t\tLicencia Vitalicia con Usuarios Ilimitados\t\t\t\t\t\t\t\t\t\t\t<\/td>\n\t\t\t\t\t\t\t\t\t\t\t\t\t\t<td colspan=\"1\" rowspan=\"1\" class=\"text-center\">\n\t\t\t\t\t\t\t\t\t\t\t\t\t<img loading=\"lazy\" decoding=\"async\" width=\"30\" height=\"30\" src=\"https:\/\/img.icons8.com\/ios-filled\/50\/FA5252\/circled-x.png\" alt=\"circled-x\" \/>\t\t\t\t\t\t\t\t\t\t\t<\/td>\n\t\t\t\t\t\t\t\t\t\t\t\t\t\t<td colspan=\"1\" rowspan=\"1\" class=\"text-center\">\n\t\t\t\t\t\t\t\t\t\t\t\t\t<img loading=\"lazy\" decoding=\"async\" width=\"30\" height=\"30\" src=\"https:\/\/img.icons8.com\/ios-filled\/50\/40C057\/checked-checkbox.png\" alt=\"checked-checkbox\" \/>\t\t\t\t\t\t\t\t\t\t\t<\/td>\n\t\t\t\t\t\t\t<\/tr>\n\t\t\t\t\t\t\t<\/tbody>\n\t\t\t\t<\/table>\n\t\t\t<\/div>\n\t\t<\/div>\n\t\t[\/vc_column][vc_column width=\u00bb1\/3&#8243; css=\u00bb.vc_custom_1738277343732{margin-top: 50px !important;}\u00bb woodmart_css_id=\u00bb679c01d9bd122&#8243; parallax_scroll=\u00bbno\u00bb woodmart_sticky_column=\u00bbfalse\u00bb wd_collapsible_content_switcher=\u00bbno\u00bb wd_column_role_offcanvas_desktop=\u00bbno\u00bb wd_column_role_offcanvas_tablet=\u00bbno\u00bb wd_column_role_offcanvas_mobile=\u00bbno\u00bb wd_column_role_content_desktop=\u00bbno\u00bb wd_column_role_content_tablet=\u00bbno\u00bb wd_column_role_content_mobile=\u00bbno\u00bb mobile_bg_img_hidden=\u00bbno\u00bb tablet_bg_img_hidden=\u00bbno\u00bb woodmart_parallax=\u00bb0&#8243; woodmart_box_shadow=\u00bbno\u00bb responsive_spacing=\u00bbeyJwYXJhbV90eXBlIjoid29vZG1hcnRfcmVzcG9uc2l2ZV9zcGFjaW5nIiwic2VsZWN0b3JfaWQiOiI2NzljMDFkOWJkMTIyIiwic2hvcnRjb2RlIjoidmNfY29sdW1uIiwiZGF0YSI6eyJ0YWJsZXQiOnt9LCJtb2JpbGUiOnt9fX0=\u00bb mobile_reset_margin=\u00bbno\u00bb tablet_reset_margin=\u00bbno\u00bb wd_z_index=\u00bbno\u00bb]\n\t\t<div id=\"wd-69ceaa303bdd2\" class=\"title-wrapper wd-wpb wd-set-mb reset-last-child  wd-rs-69ceaa303bdd2 wd-title-color-default wd-title-style-default text-left  wd-underline-colored\">\n\t\t\t\n\t\t\t<div class=\"liner-continer\">\n\t\t\t\t<h3 class=\"woodmart-title-container title  wd-font-weight-600 wd-fontsize-l\" >Pruebe KeyFortress PGP Workstation Gratis por 15 d\u00edas:<\/h3>\n\t\t\t\t\t\t\t<\/div>\n\t\t\t\n\t\t\t\n\t\t\t\n\t\t<\/div>\n\t\t\n\t\t<div class=\"wpb-content-wrapper\">[vc_row][vc_column][vc_raw_html css=\"\"]JTNDc2NyaXB0JTIwc3JjJTNEJTIyaHR0cHMlM0ElMkYlMkZ3d3cuY29nbml0b2Zvcm1zLmNvbSUyRmYlMkZzZWFtbGVzcy5qcyUyMiUyMGRhdGEta2V5JTNEJTIyM0syZzdQelM5MG1LVWlSTkdUQ0dFZyUyMiUyMGRhdGEtZm9ybSUzRCUyMjI3JTIyJTNFJTNDJTJGc2NyaXB0JTNF[\/vc_raw_html][\/vc_column][\/vc_row]<\/div>[\/vc_column][\/vc_row]<\/p>\n<\/div>","protected":false},"excerpt":{"rendered":"<p>[vc_row css=\u00bb.vc_custom_1741064966689{margin-top: 90px !important;}\u00bb woodmart_css_id=\u00bb67c68b00dc56b\u00bb responsive_spacing=\u00bbeyJwYXJhbV90eXBlIjoid29vZG1hcnRfcmVzcG9uc2l2ZV9zcGFjaW5nIiwic2VsZWN0b3JfaWQiOiI2N2M2OGIwMGRjNTZiIiwic2hvcnRjb2RlIjoidmNfcm93IiwiZGF0YSI6eyJ0YWJsZXQiOnt9LCJtb2JpbGUiOnt9fX0=\u00bb mobile_bg_img_hidden=\u00bbno\u00bb tablet_bg_img_hidden=\u00bbno\u00bb woodmart_parallax=\u00bb0&#8243; woodmart_gradient_switch=\u00bbno\u00bb woodmart_box_shadow=\u00bbno\u00bb wd_z_index=\u00bbno\u00bb woodmart_disable_overflow=\u00bb0&#8243; row_reverse_mobile=\u00bb0&#8243; row_reverse_tablet=\u00bb0&#8243;][vc_column width=\u00bb2\/3&#8243;][vc_row_inner][vc_column_inner width=\u00bb1\/2&#8243;][vc_column_text css=\u00bb.vc_custom_1738280379129{padding-top: 20px !important;padding-right:<\/p>\n","protected":false},"author":1,"featured_media":0,"parent":10957,"menu_order":0,"comment_status":"closed","ping_status":"closed","template":"","meta":{"inline_featured_image":false,"footnotes":""},"class_list":["post-11035","page","type-page","status-publish","hentry"],"_links":{"self":[{"href":"https:\/\/www.keyfortress.com\/latam\/wp-json\/wp\/v2\/pages\/11035","targetHints":{"allow":["GET"]}}],"collection":[{"href":"https:\/\/www.keyfortress.com\/latam\/wp-json\/wp\/v2\/pages"}],"about":[{"href":"https:\/\/www.keyfortress.com\/latam\/wp-json\/wp\/v2\/types\/page"}],"author":[{"embeddable":true,"href":"https:\/\/www.keyfortress.com\/latam\/wp-json\/wp\/v2\/users\/1"}],"replies":[{"embeddable":true,"href":"https:\/\/www.keyfortress.com\/latam\/wp-json\/wp\/v2\/comments?post=11035"}],"version-history":[{"count":25,"href":"https:\/\/www.keyfortress.com\/latam\/wp-json\/wp\/v2\/pages\/11035\/revisions"}],"predecessor-version":[{"id":13313,"href":"https:\/\/www.keyfortress.com\/latam\/wp-json\/wp\/v2\/pages\/11035\/revisions\/13313"}],"up":[{"embeddable":true,"href":"https:\/\/www.keyfortress.com\/latam\/wp-json\/wp\/v2\/pages\/10957"}],"wp:attachment":[{"href":"https:\/\/www.keyfortress.com\/latam\/wp-json\/wp\/v2\/media?parent=11035"}],"curies":[{"name":"wp","href":"https:\/\/api.w.org\/{rel}","templated":true}]}}