{"id":11390,"date":"2025-02-08T20:58:54","date_gmt":"2025-02-08T23:58:54","guid":{"rendered":"https:\/\/www.keyfortress.com.br\/?page_id=11390"},"modified":"2025-03-03T22:22:20","modified_gmt":"2025-03-04T03:22:20","slug":"mft-transferencia-segura-archivos","status":"publish","type":"page","link":"https:\/\/www.keyfortress.com\/latam\/producto\/workstation\/mft-transferencia-segura-archivos","title":{"rendered":"Transferencia Gestionada y Segura de Archivos con PGP"},"content":{"rendered":"<div class=\"wpb-content-wrapper\"><p>[vc_row css=\u00bb.vc_custom_1739037969167{margin-top: 90px !important;}\u00bb woodmart_css_id=\u00bb67a79cd9d2da6&#8243; responsive_spacing=\u00bbeyJwYXJhbV90eXBlIjoid29vZG1hcnRfcmVzcG9uc2l2ZV9zcGFjaW5nIiwic2VsZWN0b3JfaWQiOiI2N2E3OWNkOWQyZGE2Iiwic2hvcnRjb2RlIjoidmNfcm93IiwiZGF0YSI6eyJ0YWJsZXQiOnt9LCJtb2JpbGUiOnsibWFyZ2luLXRvcCI6IjYwcHgifX19&#8243; mobile_bg_img_hidden=\u00bbno\u00bb tablet_bg_img_hidden=\u00bbno\u00bb woodmart_parallax=\u00bb0&#8243; woodmart_gradient_switch=\u00bbno\u00bb woodmart_box_shadow=\u00bbno\u00bb wd_z_index=\u00bbno\u00bb woodmart_disable_overflow=\u00bb0&#8243; row_reverse_mobile=\u00bb0&#8243; row_reverse_tablet=\u00bb0&#8243;][vc_column width=\u00bb2\/3&#8243;][vc_column_text css=\u00bb\u00bb woodmart_inline=\u00bbno\u00bb text_larger=\u00bbyes\u00bb]<strong><a href=\"\/latam\/Home\">Inicio<\/a><\/strong> <span class=\"BxUVEf ILfuVd\" lang=\"es\"><span class=\"hgKElc\">\u00bb<\/span><\/span> <a href=\"\/latam\/producto\/workstation\"><strong>KeyFortress\u2122 Workstation<\/strong><\/a> <span class=\"BxUVEf ILfuVd\" lang=\"es\"><span class=\"hgKElc\">\u00bb<\/span><\/span> Caracter\u00edsticas[\/vc_column_text]\n\t\t<div id=\"wd-67c6708d733e0\" class=\"title-wrapper wd-wpb wd-set-mb reset-last-child  wd-rs-67c6708d733e0 wd-title-color-default wd-title-style-default text-left  wd-underline-colored\">\n\t\t\t\t\t\t\t\n\t\t\t\t<div class=\"title-subtitle  subtitle-color-default font-default subtitle-style-default wd-font-weight- wd-fontsize-xs\">\u00bfPor qu\u00e9 KeyFortress es L\u00edder en Soluciones de Transferencia Gestionada de Archivos?<\/div>\n\t\t\t\n\t\t\t<div class=\"liner-continer\">\n\t\t\t\t<h1 class=\"woodmart-title-container title  wd-font-weight- wd-fontsize-l\" >Transferencia Gestionada y Segura de Archivos<\/h1>\n\t\t\t\t\t\t\t<\/div>\n\t\t\t\n\t\t\t\n\t\t\t\n\t\t<\/div>\n\t\t\n\t\t[vc_row_inner][vc_column_inner][vc_column_text css=\u00bb\u00bb woodmart_inline=\u00bbno\u00bb text_larger=\u00bbyes\u00bb]<\/p>\n<div id=\"model-response-message-contentr_3a3d032b9f41168f\" class=\"markdown markdown-main-panel\" dir=\"ltr\">\n<p data-sourcepos=\"5:1-5:386\"><img loading=\"lazy\" decoding=\"async\" class=\"alignleft wp-image-12558\" src=\"https:\/\/www.keyfortress.com\/latam\/wp-content\/uploads\/2025\/03\/MFT-PGP-400x278.jpg\" alt=\"MFT-PGP\" width=\"280\" height=\"194\" srcset=\"https:\/\/www.keyfortress.com\/latam\/wp-content\/uploads\/2025\/03\/MFT-PGP-400x278.jpg 400w, https:\/\/www.keyfortress.com\/latam\/wp-content\/uploads\/2025\/03\/MFT-PGP-430x298.jpg 430w, https:\/\/www.keyfortress.com\/latam\/wp-content\/uploads\/2025\/03\/MFT-PGP-150x104.jpg 150w, https:\/\/www.keyfortress.com\/latam\/wp-content\/uploads\/2025\/03\/MFT-PGP.jpg 500w\" sizes=\"auto, (max-width: 280px) 100vw, 280px\" \/>En el actual panorama de ciberseguridad, donde las violaciones de datos pueden costar millones a las organizaciones, la implementaci\u00f3n de soluciones robustas de Transferencia Gestionada de Archivos (MFT) se ha vuelto crucial. <a href=\"\/latam\/producto\/workstation\"><strong>KeyFortress Workstation<\/strong><\/a>, emerge como una plataforma MFT l\u00edder en la industria, aprovechando la tecnolog\u00eda avanzada de cifrado PGP para garantizar la seguridad inviolable de los datos.<\/p>\n<\/div>\n<p>[\/vc_column_text][vc_single_image image=\u00bb12556&#8243; img_size=\u00bbfull\u00bb alignment=\u00bbcenter\u00bb style=\u00bbvc_box_rounded\u00bb css=\u00bb\u00bb parallax_scroll=\u00bbno\u00bb woodmart_inline=\u00bbno\u00bb][vc_column_text css=\u00bb\u00bb woodmart_inline=\u00bbno\u00bb text_larger=\u00bbyes\u00bb]<\/p>\n<div id=\"model-response-message-contentr_3a3d032b9f41168f\" class=\"markdown markdown-main-panel\" dir=\"ltr\">\n<p data-sourcepos=\"7:1-7:531\"><a href=\"\/latam\/producto\/workstation\"><strong>KeyFortress Workstation<\/strong><\/a> se distingue por sus protocolos de cifrado de nivel militar y su sistema intuitivo de gesti\u00f3n de claves. Mientras que las soluciones MFT tradicionales a menudo enfrentan dificultades con la distribuci\u00f3n y el mantenimiento de claves, <a href=\"\/latam\/producto\/workstation\"><strong>KeyFortress Workstation<\/strong><\/a> automatiza estos procesos, reduciendo significativamente el riesgo de error humano. Su implementaci\u00f3n PGP de c\u00f3digo abierto, garantiza el cifrado m\u00e1s robusto, haciendo que los datos sean indescifrables para partes no autorizadas durante el tr\u00e1nsito y el almacenamiento.<\/p>\n<\/div>\n<p>[\/vc_column_text]<div id=\"wd-67c671e3cfcb0\" class=\" wd-rs-67c671e3cfcb0  wd-button-wrapper wd-off-anim wpb_animate_when_almost_visible wpb_bounceIn bounceIn wd-anim-name_bounceIn text-center\"><a href=\"https:\/\/www.keyfortress.com\/latam\/contacto\/seacliente\" title=\"\" class=\"btn btn-color-black btn-style-bordered btn-shape-rectangle btn-size-large\">Quiero Transferir Archivos Cifrados<\/a><\/div>[\/vc_column_inner][\/vc_row_inner][vc_row_inner css=\u00bb.vc_custom_1741058495528{margin-top: 30px !important;}\u00bb woodmart_css_id=\u00bb67c671baef342&#8243; responsive_spacing=\u00bbeyJwYXJhbV90eXBlIjoid29vZG1hcnRfcmVzcG9uc2l2ZV9zcGFjaW5nIiwic2VsZWN0b3JfaWQiOiI2N2M2NzFiYWVmMzQyIiwic2hvcnRjb2RlIjoidmNfcm93X2lubmVyIiwiZGF0YSI6eyJ0YWJsZXQiOnt9LCJtb2JpbGUiOnt9fX0=\u00bb mobile_bg_img_hidden=\u00bbno\u00bb tablet_bg_img_hidden=\u00bbno\u00bb woodmart_parallax=\u00bb0&#8243; woodmart_gradient_switch=\u00bbno\u00bb woodmart_box_shadow=\u00bbno\u00bb wd_z_index=\u00bbno\u00bb woodmart_disable_overflow=\u00bb0&#8243; row_reverse_mobile=\u00bb0&#8243; row_reverse_tablet=\u00bb0&#8243;][vc_column_inner width=\u00bb1\/2&#8243;][vc_column_text css=\u00bb\u00bb woodmart_inline=\u00bbno\u00bb text_larger=\u00bbno\u00bb]<\/p>\n<div id=\"model-response-message-contentr_3a3d032b9f41168f\" class=\"markdown markdown-main-panel\" dir=\"ltr\">\n<h2 data-sourcepos=\"9:1-9:428\">Visibilidad de sus transacciones en todo momento<\/h2>\n<p data-sourcepos=\"9:1-9:428\">Nuestros clientes aprecian particularmente el panel centralizado de <a href=\"\/latam\/producto\/workstation\"><strong>KeyFortress Workstation<\/strong><\/a>, que proporciona visibilidad en tiempo real de todas las transferencias de archivos e informes de cumplimiento automatizados para est\u00e1ndares como GDPR y HIPAA. El conjunto \u00fanico de recursos de la plataforma incluye protocolos de seguridad adaptables que ajustan autom\u00e1ticamente la fuerza del cifrado seg\u00fan los niveles de sensibilidad de los datos.<\/p>\n<\/div>\n<p>[\/vc_column_text][\/vc_column_inner][vc_column_inner width=\u00bb1\/2&#8243;][vc_column_text css=\u00bb\u00bb woodmart_inline=\u00bbno\u00bb text_larger=\u00bbno\u00bb]<\/p>\n<h2>Transferencia de informaci\u00f3n con 99,999% de fiabilidad<\/h2>\n<p>Nuestros estudios de mercado indican que las empresas que utilizan <a href=\"\/latam\/producto\/workstation\"><strong>KeyFortress Workstation<\/strong><\/a> reportan un 99,999% de transferencias seguras exitosas, sin violaciones de datos registradas desde su lanzamiento. Para las empresas que manejan informaci\u00f3n confidencial, <a href=\"\/latam\/producto\/workstation\"><strong>KeyFortress Workstation<\/strong><\/a> representa el est\u00e1ndar de oro en la transferencia segura de archivos, combinando tecnolog\u00eda PGP robusta con interfaces f\u00e1ciles de usar y recursos de auditor\u00eda integrales.[\/vc_column_text][\/vc_column_inner][\/vc_row_inner][\/vc_column][vc_column width=\u00bb1\/3&#8243; css=\u00bb.vc_custom_1738331078555{margin-top: 50px !important;}\u00bb woodmart_css_id=\u00bb679cd3c298512&#8243; parallax_scroll=\u00bbno\u00bb woodmart_sticky_column=\u00bbfalse\u00bb wd_collapsible_content_switcher=\u00bbno\u00bb wd_column_role_offcanvas_desktop=\u00bbno\u00bb wd_column_role_offcanvas_tablet=\u00bbno\u00bb wd_column_role_offcanvas_mobile=\u00bbno\u00bb wd_column_role_content_desktop=\u00bbno\u00bb wd_column_role_content_tablet=\u00bbno\u00bb wd_column_role_content_mobile=\u00bbno\u00bb mobile_bg_img_hidden=\u00bbno\u00bb tablet_bg_img_hidden=\u00bbno\u00bb woodmart_parallax=\u00bb0&#8243; woodmart_box_shadow=\u00bbno\u00bb responsive_spacing=\u00bbeyJwYXJhbV90eXBlIjoid29vZG1hcnRfcmVzcG9uc2l2ZV9zcGFjaW5nIiwic2VsZWN0b3JfaWQiOiI2NzljZDNjMjk4NTEyIiwic2hvcnRjb2RlIjoidmNfY29sdW1uIiwiZGF0YSI6eyJ0YWJsZXQiOnt9LCJtb2JpbGUiOnt9fX0=\u00bb mobile_reset_margin=\u00bbno\u00bb tablet_reset_margin=\u00bbno\u00bb wd_z_index=\u00bbno\u00bb]\n\t\t<div id=\"wd-67c66cc1311b2\" class=\"title-wrapper wd-wpb wd-set-mb reset-last-child  wd-rs-67c66cc1311b2 wd-title-color-default wd-title-style-default text-left  wd-underline-colored\">\n\t\t\t\n\t\t\t<div class=\"liner-continer\">\n\t\t\t\t<h4 class=\"woodmart-title-container title  wd-font-weight- wd-fontsize-l\" >\u00bfLe gustar\u00eda probar KeyFortress\u2122 Workstation para cifrar su informaci\u00f3n?<\/h4>\n\t\t\t\t\t\t\t<\/div>\n\t\t\t\n\t\t\t\n\t\t\t\n\t\t<\/div>\n\t\t\n\t\t<div class=\"wpb-content-wrapper\">[vc_row][vc_column][vc_raw_html css=\"\"]JTNDc2NyaXB0JTIwc3JjJTNEJTIyaHR0cHMlM0ElMkYlMkZ3d3cuY29nbml0b2Zvcm1zLmNvbSUyRmYlMkZzZWFtbGVzcy5qcyUyMiUyMGRhdGEta2V5JTNEJTIyM0syZzdQelM5MG1LVWlSTkdUQ0dFZyUyMiUyMGRhdGEtZm9ybSUzRCUyMjI2JTIyJTNFJTNDJTJGc2NyaXB0JTNF[\/vc_raw_html][\/vc_column][\/vc_row]<\/div>[\/vc_column][\/vc_row]<\/p>\n<\/div>","protected":false},"excerpt":{"rendered":"<p>[vc_row css=\u00bb.vc_custom_1739037969167{margin-top: 90px !important;}\u00bb woodmart_css_id=\u00bb67a79cd9d2da6&#8243; responsive_spacing=\u00bbeyJwYXJhbV90eXBlIjoid29vZG1hcnRfcmVzcG9uc2l2ZV9zcGFjaW5nIiwic2VsZWN0b3JfaWQiOiI2N2E3OWNkOWQyZGE2Iiwic2hvcnRjb2RlIjoidmNfcm93IiwiZGF0YSI6eyJ0YWJsZXQiOnt9LCJtb2JpbGUiOnsibWFyZ2luLXRvcCI6IjYwcHgifX19&#8243; mobile_bg_img_hidden=\u00bbno\u00bb tablet_bg_img_hidden=\u00bbno\u00bb woodmart_parallax=\u00bb0&#8243; woodmart_gradient_switch=\u00bbno\u00bb woodmart_box_shadow=\u00bbno\u00bb wd_z_index=\u00bbno\u00bb woodmart_disable_overflow=\u00bb0&#8243; row_reverse_mobile=\u00bb0&#8243; row_reverse_tablet=\u00bb0&#8243;][vc_column width=\u00bb2\/3&#8243;][vc_column_text css=\u00bb\u00bb woodmart_inline=\u00bbno\u00bb text_larger=\u00bbyes\u00bb]Inicio \u00bb<\/p>\n","protected":false},"author":1,"featured_media":0,"parent":11752,"menu_order":0,"comment_status":"closed","ping_status":"closed","template":"","meta":{"inline_featured_image":false,"footnotes":""},"class_list":["post-11390","page","type-page","status-publish","hentry"],"_links":{"self":[{"href":"https:\/\/www.keyfortress.com\/latam\/wp-json\/wp\/v2\/pages\/11390","targetHints":{"allow":["GET"]}}],"collection":[{"href":"https:\/\/www.keyfortress.com\/latam\/wp-json\/wp\/v2\/pages"}],"about":[{"href":"https:\/\/www.keyfortress.com\/latam\/wp-json\/wp\/v2\/types\/page"}],"author":[{"embeddable":true,"href":"https:\/\/www.keyfortress.com\/latam\/wp-json\/wp\/v2\/users\/1"}],"replies":[{"embeddable":true,"href":"https:\/\/www.keyfortress.com\/latam\/wp-json\/wp\/v2\/comments?post=11390"}],"version-history":[{"count":21,"href":"https:\/\/www.keyfortress.com\/latam\/wp-json\/wp\/v2\/pages\/11390\/revisions"}],"predecessor-version":[{"id":12568,"href":"https:\/\/www.keyfortress.com\/latam\/wp-json\/wp\/v2\/pages\/11390\/revisions\/12568"}],"up":[{"embeddable":true,"href":"https:\/\/www.keyfortress.com\/latam\/wp-json\/wp\/v2\/pages\/11752"}],"wp:attachment":[{"href":"https:\/\/www.keyfortress.com\/latam\/wp-json\/wp\/v2\/media?parent=11390"}],"curies":[{"name":"wp","href":"https:\/\/api.w.org\/{rel}","templated":true}]}}