{"id":13038,"date":"2025-08-03T20:19:26","date_gmt":"2025-08-04T01:19:26","guid":{"rendered":"https:\/\/www.keyfortress.com\/latam\/?page_id=13038"},"modified":"2025-11-05T21:04:41","modified_gmt":"2025-11-06T02:04:41","slug":"proteger-usuarios-finales-evitar-ataques","status":"publish","type":"page","link":"https:\/\/www.keyfortress.com\/latam\/insights\/proteger-usuarios-finales-evitar-ataques","title":{"rendered":"Protege a tus usuarios finales para evitar ataques"},"content":{"rendered":"<div class=\"wpb-content-wrapper\"><p>[vc_row css=\u00bb.vc_custom_1754241690772{margin-top: 100px !important;}\u00bb woodmart_css_id=\u00bb688f9a801b8d9&#8243; responsive_spacing=\u00bbeyJwYXJhbV90eXBlIjoid29vZG1hcnRfcmVzcG9uc2l2ZV9zcGFjaW5nIiwic2VsZWN0b3JfaWQiOiI2ODhmOWE4MDFiOGQ5Iiwic2hvcnRjb2RlIjoidmNfcm93IiwiZGF0YSI6eyJ0YWJsZXQiOnt9LCJtb2JpbGUiOnt9fX0=\u00bb mobile_bg_img_hidden=\u00bbno\u00bb tablet_bg_img_hidden=\u00bbno\u00bb woodmart_parallax=\u00bb0&#8243; woodmart_gradient_switch=\u00bbno\u00bb woodmart_box_shadow=\u00bbno\u00bb wd_z_index=\u00bbno\u00bb woodmart_disable_overflow=\u00bb0&#8243; row_reverse_mobile=\u00bb0&#8243; row_reverse_tablet=\u00bb0&#8243;][vc_column width=\u00bb2\/3&#8243; css=\u00bb.vc_custom_1754242379720{margin-right: 20px !important;}\u00bb woodmart_css_id=\u00bb688f9d3ecf70b\u00bb parallax_scroll=\u00bbno\u00bb woodmart_sticky_column=\u00bbfalse\u00bb wd_collapsible_content_switcher=\u00bbno\u00bb wd_column_role_offcanvas_desktop=\u00bbno\u00bb wd_column_role_offcanvas_tablet=\u00bbno\u00bb wd_column_role_offcanvas_mobile=\u00bbno\u00bb wd_column_role_content_desktop=\u00bbno\u00bb wd_column_role_content_tablet=\u00bbno\u00bb wd_column_role_content_mobile=\u00bbno\u00bb mobile_bg_img_hidden=\u00bbno\u00bb tablet_bg_img_hidden=\u00bbno\u00bb woodmart_parallax=\u00bb0&#8243; woodmart_box_shadow=\u00bbno\u00bb responsive_spacing=\u00bbeyJwYXJhbV90eXBlIjoid29vZG1hcnRfcmVzcG9uc2l2ZV9zcGFjaW5nIiwic2VsZWN0b3JfaWQiOiI2ODhmOWQzZWNmNzBiIiwic2hvcnRjb2RlIjoidmNfY29sdW1uIiwiZGF0YSI6eyJ0YWJsZXQiOnt9LCJtb2JpbGUiOnt9fX0=\u00bb mobile_reset_margin=\u00bbno\u00bb tablet_reset_margin=\u00bbno\u00bb wd_z_index=\u00bbno\u00bb][vc_column_text css=\u00bb\u00bb woodmart_inline=\u00bbno\u00bb text_larger=\u00bbno\u00bb]<\/p>\n<p><a href=\"\/latam\/Home\"><strong>Portada<\/strong><\/a> \u00bb <a href=\"\/latam\/insights\"><strong>Insights<\/strong><\/a> \u00bb<\/p>\n<p>[\/vc_column_text]\n\t\t<div id=\"wd-6890149479c90\" class=\"title-wrapper wd-wpb wd-set-mb reset-last-child  wd-rs-6890149479c90 wd-title-color-alt wd-title-style-simple text-left  wd-underline-colored\">\n\t\t\t\t\t\t\t\n\t\t\t\t<div class=\"title-subtitle  subtitle-color-alt font-default subtitle-style-default wd-font-weight- wd-fontsize-m\">La revoluci\u00f3n y alcance de los Endpoints Protection<\/div>\n\t\t\t\n\t\t\t<div class=\"liner-continer\">\n\t\t\t\t<h4 class=\"woodmart-title-container title  wd-font-weight- wd-fontsize-xxxl\" >Protege a tus usuarios finales para reducir ataques<\/h4>\n\t\t\t\t\t\t\t<\/div>\n\t\t\t\n\t\t\t\n\t\t\t\n\t\t<\/div>\n\t\t\n\t\t[vc_column_text css=\u00bb\u00bb woodmart_inline=\u00bbno\u00bb text_larger=\u00bbyes\u00bb]<img loading=\"lazy\" decoding=\"async\" class=\"alignright wp-image-13045\" src=\"https:\/\/www.keyfortress.com\/latam\/wp-content\/uploads\/2025\/08\/proteccion-usuario-final-cifrado-400x280.png\" alt=\"proteccion-usuario-final-cifrado\" width=\"260\" height=\"182\" srcset=\"https:\/\/www.keyfortress.com\/latam\/wp-content\/uploads\/2025\/08\/proteccion-usuario-final-cifrado-400x280.png 400w, https:\/\/www.keyfortress.com\/latam\/wp-content\/uploads\/2025\/08\/proteccion-usuario-final-cifrado-430x301.png 430w, https:\/\/www.keyfortress.com\/latam\/wp-content\/uploads\/2025\/08\/proteccion-usuario-final-cifrado-150x105.png 150w, https:\/\/www.keyfortress.com\/latam\/wp-content\/uploads\/2025\/08\/proteccion-usuario-final-cifrado.png 500w\" sizes=\"auto, (max-width: 260px) 100vw, 260px\" \/>Los antivirus han evolucionados a herramientas m\u00e1s sofisticadas no solo para proteger a sus usuarios m\u00e1s vulnerables sino para anticiparse a potenciales ataques.<\/p>\n<p>Las nuevas plataformas de protecci\u00f3n de usuarios finales, han evolucionado a los denominados \u00abEndpoint Protection Software\u00bb.<\/p>\n<p><a href=\"https:\/\/www.keyfortress.com\/latam\/contacto\/general\"><img loading=\"lazy\" decoding=\"async\" class=\"alignnone wp-image-12982 size-full\" src=\"https:\/\/www.keyfortress.com\/latam\/wp-content\/uploads\/2025\/08\/boletin-amosquera-990451028a028a3c.png\" alt=\"Andrea Mosquera, Especialista KeyFortress\" width=\"225\" height=\"80\" srcset=\"https:\/\/www.keyfortress.com\/latam\/wp-content\/uploads\/2025\/08\/boletin-amosquera-990451028a028a3c.png 225w, https:\/\/www.keyfortress.com\/latam\/wp-content\/uploads\/2025\/08\/boletin-amosquera-990451028a028a3c-150x53.png 150w\" sizes=\"auto, (max-width: 225px) 100vw, 225px\" \/><\/a><\/p>\n<h2>La revoluci\u00f3n de los Endpoints Protection<\/h2>\n<p>Desde los antiguos conceptos de antivirus hasta las modernas apliciones de \u00abEndpoints Protections\u00bb dise\u00f1adas para empresas de todos los tama\u00f1os que necesitan elevar su nivel de seguridad y hacer frente a los sofisticados tipos de ataques de criminales; hoy se ofrecen escabilidad y flexibilidad sobre todo para usuarios que administran informaci\u00f3n confidencial, financiera y estrat\u00e9gica de las empresas.<\/p>\n<p>Los nuevos \u00abEndpoints Protection\u00bb no solo se comportan como modernos antivirus sino que previenen, monitorean y act\u00faan con independiencia y seguridad ante los descuidos de los usuarios finales.<\/p>\n<h2>Pocos ofrecen cifrado desde el origen<\/h2>\n<p><img loading=\"lazy\" decoding=\"async\" class=\"alignleft wp-image-13059 \" src=\"https:\/\/www.keyfortress.com\/latam\/wp-content\/uploads\/2025\/08\/proteccion-endpoints-378x300.png\" alt=\"proteccion-endpoints\" width=\"249\" height=\"198\" srcset=\"https:\/\/www.keyfortress.com\/latam\/wp-content\/uploads\/2025\/08\/proteccion-endpoints-378x300.png 378w, https:\/\/www.keyfortress.com\/latam\/wp-content\/uploads\/2025\/08\/proteccion-endpoints-430x341.png 430w, https:\/\/www.keyfortress.com\/latam\/wp-content\/uploads\/2025\/08\/proteccion-endpoints-150x119.png 150w, https:\/\/www.keyfortress.com\/latam\/wp-content\/uploads\/2025\/08\/proteccion-endpoints.png 500w\" sizes=\"auto, (max-width: 249px) 100vw, 249px\" \/>Los \u00abEndpoints Protection\u00bb hacen un excelente trabajo para prevenir ataques y cuidar de los usuarios y sus dispositivos de trabajo. Pero los usuarios y su informaci\u00f3n quedan vulnerables cuando \u00e9sta sale de su computador o celular y transita de un punto a otro en la \u00abjungla\u00bb llamada \u00abInternet p\u00fablica\u00bb. Nadie garantiza la protecci\u00f3n de esta informaci\u00f3n y es ah\u00ed donde es necesaria una soluci\u00f3n de <strong>Cifrado de Datos<\/strong> desde el origen como <strong>KeyFortress Leader<\/strong>, un software que complementa perfectamente a sus actuales soluciones de protecci\u00f3n de usuarios finales m\u00e1s all\u00e1 de su propio computador.[\/vc_column_text][\/vc_column][vc_column width=\u00bb1\/3&#8243;]\n\t\t<div id=\"wd-688f9b75cbbb8\" class=\"title-wrapper wd-wpb wd-set-mb reset-last-child  wd-rs-688f9b75cbbb8 wd-title-color-default wd-title-style-default text-left  wd-underline-colored\">\n\t\t\t\n\t\t\t<div class=\"liner-continer\">\n\t\t\t\t<h4 class=\"woodmart-title-container title  wd-font-weight- wd-fontsize-l\" >Cont\u00e1ctanos para asistirte<\/h4>\n\t\t\t\t\t\t\t<\/div>\n\t\t\t\n\t\t\t\n\t\t\t\n\t\t<\/div>\n\t\t\n\t\t<div class=\"wpb-content-wrapper\">[vc_row][vc_column][vc_raw_html css=\"\"]JTNDc2NyaXB0JTIwc3JjJTNEJTIyaHR0cHMlM0ElMkYlMkZ3d3cuY29nbml0b2Zvcm1zLmNvbSUyRmYlMkZzZWFtbGVzcy5qcyUyMiUyMGRhdGEta2V5JTNEJTIyM0syZzdQelM5MG1LVWlSTkdUQ0dFZyUyMiUyMGRhdGEtZm9ybSUzRCUyMjI2JTIyJTNFJTNDJTJGc2NyaXB0JTNF[\/vc_raw_html][\/vc_column][\/vc_row]<\/div>[\/vc_column][vc_column]\n\t\t<div id=\"wd-688fb81b445ca\" class=\"title-wrapper wd-wpb wd-set-mb reset-last-child  wd-rs-688fb81b445ca wd-title-color-primary wd-title-style-simple text-left  wd-underline-colored\">\n\t\t\t\n\t\t\t<div class=\"liner-continer\">\n\t\t\t\t<h4 class=\"woodmart-title-container title  wd-font-weight- wd-fontsize-m\" >No te las puedes perder ...<\/h4>\n\t\t\t\t\t\t\t<\/div>\n\t\t\t\n\t\t\t\n\t\t\t\n\t\t<\/div>\n\t\t\n\t\t<style data-type=\"vc_shortcodes-custom-css\">.wd-rs-688fb71057170 .btn{font-family: \"Manrope\", Arial, Helvetica, sans-serif;text-transform: none;}.wd-rs-688fb767e52d1 .btn{font-family: \"Manrope\", Arial, Helvetica, sans-serif;text-transform: none;}.wd-rs-688fb9246cd75 .btn{font-family: \"Manrope\", Arial, Helvetica, sans-serif;text-transform: none;}.wd-rs-688fba2a02f7a .btn{font-family: \"Manrope\", Arial, Helvetica, sans-serif;text-transform: none;}.wd-rs-688fba3892a4a .btn{font-family: \"Manrope\", Arial, Helvetica, sans-serif;text-transform: none;}.wd-rs-68900b8ca1aac .btn{font-family: \"Manrope\", Arial, Helvetica, sans-serif;text-transform: none;}<\/style><div class=\"wpb-content-wrapper\">[vc_row][vc_column width=\"1\/3\"][vc_column_text css=\"\" woodmart_inline=\"no\" text_larger=\"no\"]\r\n<h3><strong><img loading=\"lazy\" decoding=\"async\" class=\"alignleft wp-image-13029\" src=\"https:\/\/www.keyfortress.com\/latam\/wp-content\/uploads\/2025\/08\/criptografia-postcuantica.png\" alt=\"criptografia-postcuantica\" width=\"35\" height=\"35\" \/>Criptograf\u00eda Post-Cu\u00e1ntica (PQC) para sus Negocio<\/strong><\/h3>\r\nPara hablar de computaci\u00f3n cu\u00e1ntica y criptograf\u00eda post-cu\u00e1ntica (PQC) es necesario entender ...[\/vc_column_text]<div id=\"wd-688fb71057170\" class=\" wd-rs-688fb71057170  wd-button-wrapper text-left\"><a href=\"\/latam\/producto\/workstation\/criptografia-postcuantica-pqc\" title=\"\" class=\"btn btn-color-primary btn-style-link btn-shape-rectangle btn-size-large btn-icon-pos-left\">Continuar leyendo<span class=\"wd-btn-icon\"><span class=\"wd-icon fas fa-angle-double-down\"><\/span><\/span><\/a><\/div>[vc_empty_space height=\"50px\" woodmart_hide_large=\"0\" woodmart_hide_medium=\"0\" woodmart_hide_small=\"0\"][\/vc_column][vc_column width=\"1\/3\"][vc_column_text css=\"\" woodmart_inline=\"no\" text_larger=\"no\"]\r\n<h3><strong><img loading=\"lazy\" decoding=\"async\" class=\"alignleft wp-image-13030\" src=\"https:\/\/www.keyfortress.com\/latam\/wp-content\/uploads\/2025\/08\/certificados-pgp-bancos.png\" alt=\"certificados-pgp-bancos\" width=\"35\" height=\"35\" \/>Certificados Digitales PGP para Bancos<\/strong><\/h3>\r\nEl est\u00e1ndar m\u00e1s usado para cifrar informaci\u00f3n y archivos de manera segura y confidencial es el cifrado PGP...[\/vc_column_text]<div id=\"wd-688fb767e52d1\" class=\" wd-rs-688fb767e52d1  wd-button-wrapper text-left\"><a href=\"\/latam\/producto\/certificados-pgp\/certificados-digitales-pgp-bancos\" title=\"\" class=\"btn btn-color-primary btn-style-link btn-shape-rectangle btn-size-large btn-icon-pos-left\">Continuar leyendo<span class=\"wd-btn-icon\"><span class=\"wd-icon fas fa-angle-double-down\"><\/span><\/span><\/a><\/div>[vc_empty_space height=\"50px\" woodmart_hide_large=\"0\" woodmart_hide_medium=\"0\" woodmart_hide_small=\"0\"][\/vc_column][vc_column width=\"1\/3\"][vc_column_text css=\"\" woodmart_inline=\"no\" text_larger=\"no\"]\r\n<h3><strong><img loading=\"lazy\" decoding=\"async\" class=\"alignleft wp-image-13032\" src=\"https:\/\/www.keyfortress.com\/latam\/wp-content\/uploads\/2025\/08\/host2host-bancos-financieros.png\" alt=\"host2host-bancos-financieros\" width=\"35\" height=\"35\" \/>Host-to-Host para el intercambio financiero<\/strong><\/h3>\r\nH2H ha revolucionado la forma en que las instituciones financieras y los clientes intercambian datos...[\/vc_column_text]<div id=\"wd-688fb9246cd75\" class=\" wd-rs-688fb9246cd75  wd-button-wrapper text-left\"><a href=\"\/latam\/producto\/workstation\/pgp-host-to-host-financiero\" title=\"\" class=\"btn btn-color-primary btn-style-link btn-shape-rectangle btn-size-large btn-icon-pos-left\">Continuar leyendo<span class=\"wd-btn-icon\"><span class=\"wd-icon fas fa-angle-double-down\"><\/span><\/span><\/a><\/div>[vc_empty_space height=\"50px\" woodmart_hide_large=\"0\" woodmart_hide_medium=\"0\" woodmart_hide_small=\"0\"][\/vc_column][\/vc_row][vc_row][vc_column width=\"1\/3\"][vc_column_text css=\"\" woodmart_inline=\"no\" text_larger=\"no\"]\r\n<h3><strong><img loading=\"lazy\" decoding=\"async\" class=\"alignleft wp-image-13033\" src=\"https:\/\/www.keyfortress.com\/latam\/wp-content\/uploads\/2025\/08\/cifrar-archivos.png\" alt=\"cifrar-archivos\" width=\"35\" height=\"35\" \/>No env\u00edes ni compartas archivos sin cifrarlos<\/strong><\/h3>\r\nEl principal peligro de la llegada de la computaci\u00f3n cu\u00e1ntica es que la seguridad que hoy conocemos ser\u00e1 vulnerable...[\/vc_column_text]<div id=\"wd-688fba2a02f7a\" class=\" wd-rs-688fba2a02f7a  wd-button-wrapper text-left\"><a href=\"\/latam\/insights\/no-envies-archivos-sin-cifrarlos\" title=\"\" class=\"btn btn-color-primary btn-style-link btn-shape-rectangle btn-size-large btn-icon-pos-left\">Continuar leyendo<span class=\"wd-btn-icon\"><span class=\"wd-icon fas fa-angle-double-down\"><\/span><\/span><\/a><\/div>[vc_empty_space height=\"50px\" woodmart_hide_large=\"0\" woodmart_hide_medium=\"0\" woodmart_hide_small=\"0\"][\/vc_column][vc_column width=\"1\/3\"][vc_column_text css=\"\" woodmart_inline=\"no\" text_larger=\"no\"]\r\n<h3><strong><img loading=\"lazy\" decoding=\"async\" class=\"alignleft wp-image-13034\" src=\"https:\/\/www.keyfortress.com\/latam\/wp-content\/uploads\/2025\/08\/gestor-contrasenas.png\" alt=\"gestor-generador-contrasenas\" width=\"35\" height=\"35\" \/>No guardes tus contrase\u00f1as en bloc de notas<\/strong><\/h3>\r\nUna de las formas m\u00e1s frecuentes de robarnos informaci\u00f3n es accediendo o intuyendo contrase\u00f1as fr\u00e1giles y descuidadas...[\/vc_column_text]<div id=\"wd-688fba3892a4a\" class=\" wd-rs-688fba3892a4a  wd-button-wrapper text-left\"><a href=\"\/latam\/insights\/contrasenas-bloc-notas\" title=\"\" class=\"btn btn-color-primary btn-style-link btn-shape-rectangle btn-size-large btn-icon-pos-left\">Continuar leyendo<span class=\"wd-btn-icon\"><span class=\"wd-icon fas fa-angle-double-down\"><\/span><\/span><\/a><\/div>[vc_empty_space height=\"50px\" woodmart_hide_large=\"0\" woodmart_hide_medium=\"0\" woodmart_hide_small=\"0\"][\/vc_column][vc_column width=\"1\/3\"][vc_column_text css=\"\" woodmart_inline=\"no\" text_larger=\"no\"]\r\n<h3><strong><img loading=\"lazy\" decoding=\"async\" class=\"alignleft wp-image-13041\" src=\"https:\/\/www.keyfortress.com\/latam\/wp-content\/uploads\/2025\/08\/proteger-usuarios-finales.png\" alt=\"proteger-usuarios-finales\" width=\"35\" height=\"35\" \/>Proteger usuarios finales para evitar ataques<\/strong><\/h3>\r\nLos antivirus han evolucionados a herramientas m\u00e1s sofisticadas no solo para proteger a sus usuarios m\u00e1s vulnerables sino....[\/vc_column_text]<div id=\"wd-68900b8ca1aac\" class=\" wd-rs-68900b8ca1aac  wd-button-wrapper text-left\"><a href=\"\/latam\/insights\/proteger-usuarios-finales-evitar-ataques\" title=\"\" class=\"btn btn-color-primary btn-style-link btn-shape-rectangle btn-size-large btn-icon-pos-left\">Continuar leyendo<span class=\"wd-btn-icon\"><span class=\"wd-icon fas fa-angle-double-down\"><\/span><\/span><\/a><\/div>[vc_empty_space height=\"50px\" woodmart_hide_large=\"0\" woodmart_hide_medium=\"0\" woodmart_hide_small=\"0\"][\/vc_column][\/vc_row]<\/div>[\/vc_column][\/vc_row]<\/p>\n<\/div>","protected":false},"excerpt":{"rendered":"<p>[vc_row css=\u00bb.vc_custom_1754241690772{margin-top: 100px !important;}\u00bb woodmart_css_id=\u00bb688f9a801b8d9&#8243; responsive_spacing=\u00bbeyJwYXJhbV90eXBlIjoid29vZG1hcnRfcmVzcG9uc2l2ZV9zcGFjaW5nIiwic2VsZWN0b3JfaWQiOiI2ODhmOWE4MDFiOGQ5Iiwic2hvcnRjb2RlIjoidmNfcm93IiwiZGF0YSI6eyJ0YWJsZXQiOnt9LCJtb2JpbGUiOnt9fX0=\u00bb mobile_bg_img_hidden=\u00bbno\u00bb tablet_bg_img_hidden=\u00bbno\u00bb woodmart_parallax=\u00bb0&#8243; woodmart_gradient_switch=\u00bbno\u00bb woodmart_box_shadow=\u00bbno\u00bb wd_z_index=\u00bbno\u00bb woodmart_disable_overflow=\u00bb0&#8243; row_reverse_mobile=\u00bb0&#8243; row_reverse_tablet=\u00bb0&#8243;][vc_column width=\u00bb2\/3&#8243; css=\u00bb.vc_custom_1754242379720{margin-right: 20px !important;}\u00bb woodmart_css_id=\u00bb688f9d3ecf70b\u00bb<\/p>\n","protected":false},"author":1,"featured_media":0,"parent":10949,"menu_order":0,"comment_status":"closed","ping_status":"closed","template":"","meta":{"inline_featured_image":false,"footnotes":""},"class_list":["post-13038","page","type-page","status-publish","hentry"],"_links":{"self":[{"href":"https:\/\/www.keyfortress.com\/latam\/wp-json\/wp\/v2\/pages\/13038","targetHints":{"allow":["GET"]}}],"collection":[{"href":"https:\/\/www.keyfortress.com\/latam\/wp-json\/wp\/v2\/pages"}],"about":[{"href":"https:\/\/www.keyfortress.com\/latam\/wp-json\/wp\/v2\/types\/page"}],"author":[{"embeddable":true,"href":"https:\/\/www.keyfortress.com\/latam\/wp-json\/wp\/v2\/users\/1"}],"replies":[{"embeddable":true,"href":"https:\/\/www.keyfortress.com\/latam\/wp-json\/wp\/v2\/comments?post=13038"}],"version-history":[{"count":22,"href":"https:\/\/www.keyfortress.com\/latam\/wp-json\/wp\/v2\/pages\/13038\/revisions"}],"predecessor-version":[{"id":13154,"href":"https:\/\/www.keyfortress.com\/latam\/wp-json\/wp\/v2\/pages\/13038\/revisions\/13154"}],"up":[{"embeddable":true,"href":"https:\/\/www.keyfortress.com\/latam\/wp-json\/wp\/v2\/pages\/10949"}],"wp:attachment":[{"href":"https:\/\/www.keyfortress.com\/latam\/wp-json\/wp\/v2\/media?parent=13038"}],"curies":[{"name":"wp","href":"https:\/\/api.w.org\/{rel}","templated":true}]}}